{"id":211675,"date":"2022-06-05T18:59:59","date_gmt":"2022-06-05T21:59:59","guid":{"rendered":"https:\/\/www.somospopular.com.br\/consultorios-e-clinicas\/dicio\/cancro-da-mama-prevencao-2\/"},"modified":"2022-06-05T18:59:59","modified_gmt":"2022-06-05T21:59:59","slug":"cancro-da-mama-prevencao-2","status":"publish","type":"dicio","link":"https:\/\/www.somospopular.com.br\/consultorios-e-clinicas\/dicio\/cancro-da-mama-prevencao-2\/","title":{"rendered":"Cancro da Mama &#8211; Preven\u00e7\u00e3o"},"content":{"rendered":"<p>O diagn\u00f3stico precoce do cancro da mama, antes de surgirem quaisquer sinais ou sintomas, \u00e9 fundamental na medida em que o mesmo aumenta a probabilidade do tratamento ser mais eficaz e, em consequ\u00eancia, possibilitar um melhor progn\u00f3stico da doen\u00e7a. Para al\u00e9m de diminuir a mortalidade, o diagn\u00f3stico precoce poder\u00e1 nalguns casos evitar cirurgias mutilantes como a mastectomia radical e o uso de quimioterapia.<\/p>\n<p>Deve conversar com o seu m\u00e9dico acerca do seu risco pessoal de ter cancro de mama, determinando a idade a partir da qual dever\u00e1 iniciar os exames de despiste da doen\u00e7a e a frequ\u00eancia dos mesmos.<\/p>\n<p>\u00a0<\/p>\n<p>Para a dete\u00e7\u00e3o precoce do cancro da mama, \u00e9 geralmente recomendado que:<\/p>\n<p>A partir de uma determinada idade, que deve estar entre os 40 e os 50 anos, as mulheres devem fazer uma mamografia anual ou em cada dois anos. N\u00e3o h\u00e1 consenso quanto \u00e0 idade recomendada para in\u00edcio nem quanto \u00e0 periocidade, esse marco deve ser decidido caso a caso com o seu m\u00e9dico.<\/p>\n<p>\u00a0<\/p>\n<p>A mamografia permite visualizar n\u00f3dulos na mama, antes que este possa ser sentido ou palpado pela mulher, bem como eventuais microcalcifica\u00e7\u00f5es. Com base no resultado da mamografia, o m\u00e9dico\u00a0pode pedir que a mesma seja repetida e se necess\u00e1rio solicitar uma\u00a0biopsia mam\u00e1ria.<\/p>\n<p>\u00a0<\/p>\n<p>Para al\u00e9m da mamografia, as medidas de dete\u00e7\u00e3o precoce da doen\u00e7a incluem ainda o\u00a0autoexame da mama\u00a0e o\u00a0exame cl\u00ednico da mama\u00a0efetuado pelo seu m\u00e9dico.<\/p>\n<p>\u00a0<\/p>\n<p>O\u00a0autoexame da mama\u00a0deve ser feito uma vez por m\u00eas, sendo a melhor altura a semana a seguir ao per\u00edodo menstrual. A mulher dever\u00e1 ter em linha de conta que as mamas n\u00e3o s\u00e3o iguais e que podem surgir altera\u00e7\u00f5es devido a diversos fatores, como \u00e9 o caso a idade, a toma de p\u00edlulas anticoncecionais, os ciclos menstruais, a gravidez ou a menopausa.<\/p>\n<p>\u00a0<\/p>\n<p>Se no seu autoexame a mulher detetar algo pouco usual, deve sempre entrar em contacto com o m\u00e9dico logo que poss\u00edvel.<\/p>\n<p>\u00a0<\/p>\n<p>Para aprender a fazer o autoexame da mama clique\u00a0aqui.<\/p>\n<p>\u00a0<\/p>\n<p>No que respeita ao\u00a0exame cl\u00ednico da mama, o m\u00e9dico procede \u00e0 palpa\u00e7\u00e3o das mamas para procurar altera\u00e7\u00f5es e\/ou n\u00f3dulos ou outros sinais da doen\u00e7a, em diferentes posi\u00e7\u00f5es: de p\u00e9, sentada e deitada. O m\u00e9dico pode pedir que a mulher levante os bra\u00e7os acima da cabe\u00e7a, que os deixe ca\u00eddos ou que fa\u00e7a for\u00e7a com as m\u00e3os contra as coxas.<\/p>\n<p>\u00a0<\/p>\n<p>Deve ser salientado que a ecografia mam\u00e1ria n\u00e3o \u00e9 um m\u00e9todo indicado para diagn\u00f3stico precoce da mama.<\/p>\n","protected":false},"template":"","class_list":["post-211675","dicio","type-dicio","status-publish","hentry"],"yoast_head":"<!-- This site is optimized with the Yoast SEO Premium plugin v20.9 (Yoast SEO v27.4) - https:\/\/yoast.com\/product\/yoast-seo-premium-wordpress\/ -->\n<title>Cancro da Mama - Preven\u00e7\u00e3o - Consult\u00f3rios e Cl\u00ednicas<\/title>\n<meta name=\"description\" content=\"Cancro da Mama - Preven\u00e7\u00e3o . D\u00favidas frequentes Sa\u00fade para Todos. Consult\u00f3rios e Cl\u00ednicas\" \/>\n<meta name=\"robots\" content=\"index, follow, max-snippet:-1, max-image-preview:large, max-video-preview:-1\" \/>\n<link rel=\"canonical\" href=\"https:\/\/www.somospopular.com.br\/consultorios-e-clinicas\/dicio\/cancro-da-mama-prevencao-2\/\" \/>\n<meta property=\"og:locale\" content=\"pt_BR\" \/>\n<meta property=\"og:type\" content=\"article\" \/>\n<meta property=\"og:title\" content=\"Cancro da Mama - Preven\u00e7\u00e3o\" \/>\n<meta property=\"og:description\" content=\"Cancro da Mama - Preven\u00e7\u00e3o . D\u00favidas frequentes Sa\u00fade para Todos. Consult\u00f3rios e Cl\u00ednicas\" \/>\n<meta property=\"og:url\" content=\"https:\/\/www.somospopular.com.br\/consultorios-e-clinicas\/dicio\/cancro-da-mama-prevencao-2\/\" \/>\n<meta property=\"og:site_name\" content=\"Consult\u00f3rios e Cl\u00ednicas\" \/>\n<meta name=\"twitter:card\" content=\"summary_large_image\" \/>\n<meta name=\"twitter:label1\" content=\"Est. tempo de leitura\" \/>\n\t<meta name=\"twitter:data1\" content=\"2 minutos\" \/>\n<script type=\"application\/ld+json\" class=\"yoast-schema-graph\">{\"@context\":\"https:\\\/\\\/schema.org\",\"@graph\":[{\"@type\":\"WebPage\",\"@id\":\"https:\\\/\\\/www.somospopular.com.br\\\/consultorios-e-clinicas\\\/dicio\\\/cancro-da-mama-prevencao-2\\\/\",\"url\":\"https:\\\/\\\/www.somospopular.com.br\\\/consultorios-e-clinicas\\\/dicio\\\/cancro-da-mama-prevencao-2\\\/\",\"name\":\"Cancro da Mama - Preven\u00e7\u00e3o - Consult\u00f3rios e Cl\u00ednicas\",\"isPartOf\":{\"@id\":\"https:\\\/\\\/www.somospopular.com.br\\\/consultorios-e-clinicas\\\/#website\"},\"datePublished\":\"2022-06-05T21:59:59+00:00\",\"description\":\"Cancro da Mama - Preven\u00e7\u00e3o . D\u00favidas frequentes Sa\u00fade para Todos. Consult\u00f3rios e Cl\u00ednicas\",\"breadcrumb\":{\"@id\":\"https:\\\/\\\/www.somospopular.com.br\\\/consultorios-e-clinicas\\\/dicio\\\/cancro-da-mama-prevencao-2\\\/#breadcrumb\"},\"inLanguage\":\"pt-BR\",\"potentialAction\":[{\"@type\":\"ReadAction\",\"target\":[\"https:\\\/\\\/www.somospopular.com.br\\\/consultorios-e-clinicas\\\/dicio\\\/cancro-da-mama-prevencao-2\\\/\"]}]},{\"@type\":\"BreadcrumbList\",\"@id\":\"https:\\\/\\\/www.somospopular.com.br\\\/consultorios-e-clinicas\\\/dicio\\\/cancro-da-mama-prevencao-2\\\/#breadcrumb\",\"itemListElement\":[{\"@type\":\"ListItem\",\"position\":1,\"name\":\"In\u00edcio\",\"item\":\"https:\\\/\\\/www.somospopular.com.br\\\/consultorios-e-clinicas\\\/\"},{\"@type\":\"ListItem\",\"position\":2,\"name\":\"Base de Dados\",\"item\":\"https:\\\/\\\/www.somospopular.com.br\\\/consultorios-e-clinicas\\\/dicio\\\/\"},{\"@type\":\"ListItem\",\"position\":3,\"name\":\"Cancro da Mama &#8211; Preven\u00e7\u00e3o\"}]},{\"@type\":\"WebSite\",\"@id\":\"https:\\\/\\\/www.somospopular.com.br\\\/consultorios-e-clinicas\\\/#website\",\"url\":\"https:\\\/\\\/www.somospopular.com.br\\\/consultorios-e-clinicas\\\/\",\"name\":\"Consult\u00f3rios e Cl\u00ednicas - Somos Popular\",\"description\":\"Somos Popular\",\"publisher\":{\"@id\":\"https:\\\/\\\/www.somospopular.com.br\\\/consultorios-e-clinicas\\\/#organization\"},\"alternateName\":\"Somos Popular\",\"potentialAction\":[{\"@type\":\"SearchAction\",\"target\":{\"@type\":\"EntryPoint\",\"urlTemplate\":\"https:\\\/\\\/www.somospopular.com.br\\\/consultorios-e-clinicas\\\/?s={search_term_string}\"},\"query-input\":{\"@type\":\"PropertyValueSpecification\",\"valueRequired\":true,\"valueName\":\"search_term_string\"}}],\"inLanguage\":\"pt-BR\"},{\"@type\":\"Organization\",\"@id\":\"https:\\\/\\\/www.somospopular.com.br\\\/consultorios-e-clinicas\\\/#organization\",\"name\":\"Consult\u00f3rios e Cl\u00ednicas - Somos Popular\",\"url\":\"https:\\\/\\\/www.somospopular.com.br\\\/consultorios-e-clinicas\\\/\",\"logo\":{\"@type\":\"ImageObject\",\"inLanguage\":\"pt-BR\",\"@id\":\"https:\\\/\\\/www.somospopular.com.br\\\/consultorios-e-clinicas\\\/#\\\/schema\\\/logo\\\/image\\\/\",\"url\":\"https:\\\/\\\/www.somospopular.com.br\\\/consultorios-e-clinicas\\\/wp-content\\\/uploads\\\/sites\\\/2\\\/2022\\\/05\\\/somos-popular-logo-80.webp\",\"contentUrl\":\"https:\\\/\\\/www.somospopular.com.br\\\/consultorios-e-clinicas\\\/wp-content\\\/uploads\\\/sites\\\/2\\\/2022\\\/05\\\/somos-popular-logo-80.webp\",\"width\":325,\"height\":80,\"caption\":\"Consult\u00f3rios e Cl\u00ednicas - Somos Popular\"},\"image\":{\"@id\":\"https:\\\/\\\/www.somospopular.com.br\\\/consultorios-e-clinicas\\\/#\\\/schema\\\/logo\\\/image\\\/\"}}]}<\/script>\n<!-- \/ Yoast SEO Premium plugin. -->","yoast_head_json":{"title":"Cancro da Mama - Preven\u00e7\u00e3o - Consult\u00f3rios e Cl\u00ednicas","description":"Cancro da Mama - Preven\u00e7\u00e3o . D\u00favidas frequentes Sa\u00fade para Todos. Consult\u00f3rios e Cl\u00ednicas","robots":{"index":"index","follow":"follow","max-snippet":"max-snippet:-1","max-image-preview":"max-image-preview:large","max-video-preview":"max-video-preview:-1"},"canonical":"https:\/\/www.somospopular.com.br\/consultorios-e-clinicas\/dicio\/cancro-da-mama-prevencao-2\/","og_locale":"pt_BR","og_type":"article","og_title":"Cancro da Mama - Preven\u00e7\u00e3o","og_description":"Cancro da Mama - Preven\u00e7\u00e3o . D\u00favidas frequentes Sa\u00fade para Todos. Consult\u00f3rios e Cl\u00ednicas","og_url":"https:\/\/www.somospopular.com.br\/consultorios-e-clinicas\/dicio\/cancro-da-mama-prevencao-2\/","og_site_name":"Consult\u00f3rios e Cl\u00ednicas","twitter_card":"summary_large_image","twitter_misc":{"Est. tempo de leitura":"2 minutos"},"schema":{"@context":"https:\/\/schema.org","@graph":[{"@type":"WebPage","@id":"https:\/\/www.somospopular.com.br\/consultorios-e-clinicas\/dicio\/cancro-da-mama-prevencao-2\/","url":"https:\/\/www.somospopular.com.br\/consultorios-e-clinicas\/dicio\/cancro-da-mama-prevencao-2\/","name":"Cancro da Mama - Preven\u00e7\u00e3o - Consult\u00f3rios e Cl\u00ednicas","isPartOf":{"@id":"https:\/\/www.somospopular.com.br\/consultorios-e-clinicas\/#website"},"datePublished":"2022-06-05T21:59:59+00:00","description":"Cancro da Mama - Preven\u00e7\u00e3o . D\u00favidas frequentes Sa\u00fade para Todos. Consult\u00f3rios e Cl\u00ednicas","breadcrumb":{"@id":"https:\/\/www.somospopular.com.br\/consultorios-e-clinicas\/dicio\/cancro-da-mama-prevencao-2\/#breadcrumb"},"inLanguage":"pt-BR","potentialAction":[{"@type":"ReadAction","target":["https:\/\/www.somospopular.com.br\/consultorios-e-clinicas\/dicio\/cancro-da-mama-prevencao-2\/"]}]},{"@type":"BreadcrumbList","@id":"https:\/\/www.somospopular.com.br\/consultorios-e-clinicas\/dicio\/cancro-da-mama-prevencao-2\/#breadcrumb","itemListElement":[{"@type":"ListItem","position":1,"name":"In\u00edcio","item":"https:\/\/www.somospopular.com.br\/consultorios-e-clinicas\/"},{"@type":"ListItem","position":2,"name":"Base de Dados","item":"https:\/\/www.somospopular.com.br\/consultorios-e-clinicas\/dicio\/"},{"@type":"ListItem","position":3,"name":"Cancro da Mama &#8211; Preven\u00e7\u00e3o"}]},{"@type":"WebSite","@id":"https:\/\/www.somospopular.com.br\/consultorios-e-clinicas\/#website","url":"https:\/\/www.somospopular.com.br\/consultorios-e-clinicas\/","name":"Consult\u00f3rios e Cl\u00ednicas - Somos Popular","description":"Somos Popular","publisher":{"@id":"https:\/\/www.somospopular.com.br\/consultorios-e-clinicas\/#organization"},"alternateName":"Somos Popular","potentialAction":[{"@type":"SearchAction","target":{"@type":"EntryPoint","urlTemplate":"https:\/\/www.somospopular.com.br\/consultorios-e-clinicas\/?s={search_term_string}"},"query-input":{"@type":"PropertyValueSpecification","valueRequired":true,"valueName":"search_term_string"}}],"inLanguage":"pt-BR"},{"@type":"Organization","@id":"https:\/\/www.somospopular.com.br\/consultorios-e-clinicas\/#organization","name":"Consult\u00f3rios e Cl\u00ednicas - Somos Popular","url":"https:\/\/www.somospopular.com.br\/consultorios-e-clinicas\/","logo":{"@type":"ImageObject","inLanguage":"pt-BR","@id":"https:\/\/www.somospopular.com.br\/consultorios-e-clinicas\/#\/schema\/logo\/image\/","url":"https:\/\/www.somospopular.com.br\/consultorios-e-clinicas\/wp-content\/uploads\/sites\/2\/2022\/05\/somos-popular-logo-80.webp","contentUrl":"https:\/\/www.somospopular.com.br\/consultorios-e-clinicas\/wp-content\/uploads\/sites\/2\/2022\/05\/somos-popular-logo-80.webp","width":325,"height":80,"caption":"Consult\u00f3rios e Cl\u00ednicas - Somos Popular"},"image":{"@id":"https:\/\/www.somospopular.com.br\/consultorios-e-clinicas\/#\/schema\/logo\/image\/"}}]}},"_links":{"self":[{"href":"https:\/\/www.somospopular.com.br\/consultorios-e-clinicas\/wp-json\/wp\/v2\/dicio\/211675","targetHints":{"allow":["GET"]}}],"collection":[{"href":"https:\/\/www.somospopular.com.br\/consultorios-e-clinicas\/wp-json\/wp\/v2\/dicio"}],"about":[{"href":"https:\/\/www.somospopular.com.br\/consultorios-e-clinicas\/wp-json\/wp\/v2\/types\/dicio"}],"wp:attachment":[{"href":"https:\/\/www.somospopular.com.br\/consultorios-e-clinicas\/wp-json\/wp\/v2\/media?parent=211675"}],"curies":[{"name":"wp","href":"https:\/\/api.w.org\/{rel}","templated":true}]}}

Cancro da Mama &#8211; Prevenção

<p>O diagnóstico precoce do cancro da mama, antes de surgirem quaisquer sinais ou sintomas, é fundamental na medida em que o mesmo aumenta a probabilidade do tratamento ser mais eficaz e, em consequência, possibilitar um melhor prognóstico da doença. Para além de diminuir a mortalidade, o diagnóstico precoce poderá nalguns casos evitar cirurgias mutilantes como a mastectomia radical e o uso de quimioterapia.</p>
<p>Deve conversar com o seu médico acerca do seu risco pessoal de ter cancro de mama, determinando a idade a partir da qual deverá iniciar os exames de despiste da doença e a frequência dos mesmos.</p>
<p> </p>
<p>Para a deteção precoce do cancro da mama, é geralmente recomendado que:</p>
<p>A partir de uma determinada idade, que deve estar entre os 40 e os 50 anos, as mulheres devem fazer uma mamografia anual ou em cada dois anos. Não há consenso quanto à idade recomendada para início nem quanto à periocidade, esse marco deve ser decidido caso a caso com o seu médico.</p>
<p> </p>
<p>A mamografia permite visualizar nódulos na mama, antes que este possa ser sentido ou palpado pela mulher, bem como eventuais microcalcificações. Com base no resultado da mamografia, o médico pode pedir que a mesma seja repetida e se necessário solicitar uma biopsia mamária.</p>
<p> </p>
<p>Para além da mamografia, as medidas de deteção precoce da doença incluem ainda o autoexame da mama e o exame clínico da mama efetuado pelo seu médico.</p>
<p> </p>
<p>O autoexame da mama deve ser feito uma vez por mês, sendo a melhor altura a semana a seguir ao período menstrual. A mulher deverá ter em linha de conta que as mamas não são iguais e que podem surgir alterações devido a diversos fatores, como é o caso a idade, a toma de pílulas anticoncecionais, os ciclos menstruais, a gravidez ou a menopausa.</p>
<p> </p>
<p>Se no seu autoexame a mulher detetar algo pouco usual, deve sempre entrar em contacto com o médico logo que possível.</p>
<p> </p>
<p>Para aprender a fazer o autoexame da mama clique aqui.</p>
<p> </p>
<p>No que respeita ao exame clínico da mama, o médico procede à palpação das mamas para procurar alterações e/ou nódulos ou outros sinais da doença, em diferentes posições: de pé, sentada e deitada. O médico pode pedir que a mulher levante os braços acima da cabeça, que os deixe caídos ou que faça força com as mãos contra as coxas.</p>
<p> </p>
<p>Deve ser salientado que a ecografia mamária não é um método indicado para diagnóstico precoce da mama.</p>

<!-- This site is optimized with the Yoast SEO Premium plugin v20.9 (Yoast SEO v27.4) - https://yoast.com/product/yoast-seo-premium-wordpress/ -->
<title>Cancro da Mama - Prevenção - Consultórios e Clínicas</title>
<meta name="description" content="Cancro da Mama - Prevenção . Dúvidas frequentes Saúde para Todos. Consultórios e Clínicas" />
<meta name="robots" content="index, follow, max-snippet:-1, max-image-preview:large, max-video-preview:-1" />
<link rel="canonical" href="https://www.somospopular.com.br/consultorios-e-clinicas/dicio/cancro-da-mama-prevencao-2/" />
<meta property="og:locale" content="pt_BR" />
<meta property="og:type" content="article" />
<meta property="og:title" content="Cancro da Mama - Prevenção" />
<meta property="og:description" content="Cancro da Mama - Prevenção . Dúvidas frequentes Saúde para Todos. Consultórios e Clínicas" />
<meta property="og:url" content="https://www.somospopular.com.br/consultorios-e-clinicas/dicio/cancro-da-mama-prevencao-2/" />
<meta property="og:site_name" content="Consultórios e Clínicas" />
<meta name="twitter:card" content="summary_large_image" />
<meta name="twitter:label1" content="Est. tempo de leitura" />
	<meta name="twitter:data1" content="2 minutos" />
<script type="application/ld+json" class="yoast-schema-graph">{"@context":"https:\/\/schema.org","@graph":[{"@type":"WebPage","@id":"https:\/\/www.somospopular.com.br\/consultorios-e-clinicas\/dicio\/cancro-da-mama-prevencao-2\/","url":"https:\/\/www.somospopular.com.br\/consultorios-e-clinicas\/dicio\/cancro-da-mama-prevencao-2\/","name":"Cancro da Mama - Prevenção - Consultórios e Clínicas","isPartOf":{"@id":"https:\/\/www.somospopular.com.br\/consultorios-e-clinicas\/#website"},"datePublished":"2022-06-05T21:59:59+00:00","description":"Cancro da Mama - Prevenção . Dúvidas frequentes Saúde para Todos. Consultórios e Clínicas","breadcrumb":{"@id":"https:\/\/www.somospopular.com.br\/consultorios-e-clinicas\/dicio\/cancro-da-mama-prevencao-2\/#breadcrumb"},"inLanguage":"pt-BR","potentialAction":[{"@type":"ReadAction","target":["https:\/\/www.somospopular.com.br\/consultorios-e-clinicas\/dicio\/cancro-da-mama-prevencao-2\/"]}]},{"@type":"BreadcrumbList","@id":"https:\/\/www.somospopular.com.br\/consultorios-e-clinicas\/dicio\/cancro-da-mama-prevencao-2\/#breadcrumb","itemListElement":[{"@type":"ListItem","position":1,"name":"Início","item":"https:\/\/www.somospopular.com.br\/consultorios-e-clinicas\/"},{"@type":"ListItem","position":2,"name":"Base de Dados","item":"https:\/\/www.somospopular.com.br\/consultorios-e-clinicas\/dicio\/"},{"@type":"ListItem","position":3,"name":"Cancro da Mama &#8211; Prevenção"}]},{"@type":"WebSite","@id":"https:\/\/www.somospopular.com.br\/consultorios-e-clinicas\/#website","url":"https:\/\/www.somospopular.com.br\/consultorios-e-clinicas\/","name":"Consultórios e Clínicas - Somos Popular","description":"Somos Popular","publisher":{"@id":"https:\/\/www.somospopular.com.br\/consultorios-e-clinicas\/#organization"},"alternateName":"Somos Popular","potentialAction":[{"@type":"SearchAction","target":{"@type":"EntryPoint","urlTemplate":"https:\/\/www.somospopular.com.br\/consultorios-e-clinicas\/?s={search_term_string}"},"query-input":{"@type":"PropertyValueSpecification","valueRequired":true,"valueName":"search_term_string"}}],"inLanguage":"pt-BR"},{"@type":"Organization","@id":"https:\/\/www.somospopular.com.br\/consultorios-e-clinicas\/#organization","name":"Consultórios e Clínicas - Somos Popular","url":"https:\/\/www.somospopular.com.br\/consultorios-e-clinicas\/","logo":{"@type":"ImageObject","inLanguage":"pt-BR","@id":"https:\/\/www.somospopular.com.br\/consultorios-e-clinicas\/#\/schema\/logo\/image\/","url":"https:\/\/www.somospopular.com.br\/consultorios-e-clinicas\/wp-content\/uploads\/sites\/2\/2022\/05\/somos-popular-logo-80.webp","contentUrl":"https:\/\/www.somospopular.com.br\/consultorios-e-clinicas\/wp-content\/uploads\/sites\/2\/2022\/05\/somos-popular-logo-80.webp","width":325,"height":80,"caption":"Consultórios e Clínicas - Somos Popular"},"image":{"@id":"https:\/\/www.somospopular.com.br\/consultorios-e-clinicas\/#\/schema\/logo\/image\/"}}]}</script>
<!-- / Yoast SEO Premium plugin. -->

Cancro da Mama - Prevenção - Consultórios e Clínicas

Cancro da Mama - Prevenção . Dúvidas frequentes Saúde para Todos. Consultórios e Clínicas

Cancro da Mama - Prevenção

Consultórios e Clínicas

Início

Consultórios e Clínicas - Somos Popular
