{"id":211807,"date":"2021-03-28T23:04:41","date_gmt":"2021-03-29T02:04:41","guid":{"rendered":"https:\/\/www.somospopular.com.br\/consultorios-e-clinicas\/dicio\/degenerescencia-macular-o-que-e-2\/"},"modified":"2021-03-28T23:04:41","modified_gmt":"2021-03-29T02:04:41","slug":"degenerescencia-macular-o-que-e-2","status":"publish","type":"dicio","link":"https:\/\/www.somospopular.com.br\/consultorios-e-clinicas\/dicio\/degenerescencia-macular-o-que-e-2\/","title":{"rendered":"Degeneresc\u00eancia macular &#8211; O que \u00e9"},"content":{"rendered":"<p>\u00c9 uma doen\u00e7a degenerativa da \u00e1rea central da retina (m\u00e1cula) e conduz a uma diminui\u00e7\u00e3o acentuada e irrevers\u00edvel da vis\u00e3o central, com conserva\u00e7\u00e3o da vis\u00e3o perif\u00e9rica. A sua incid\u00eancia e a preval\u00eancia t\u00eam vindo a aumentar, o que resulta do envelhecimento geral da popula\u00e7\u00e3o, do aumento das situa\u00e7\u00f5es implicadas no seu aparecimento e, tamb\u00e9m, da melhoria da capacidade de diagn\u00f3stico.<\/p>\n<p>Corresponde \u00e0 principal causa de cegueira nos pa\u00edses ocidentais. Em geral a doen\u00e7a aparece depois dos 55 anos, \u00e9 progressiva, aumentando a sua preval\u00eancia\u00a0com a idade. Em Portugal, cerca de 12% das pessoas com 55 anos ou mais sofrem de degeneresc\u00eancia macular. A forma mais precoce conta com cerca de 85% a 90% dos casos e em regra n\u00e3o provoca sintomas relevantes. As formas tardias ou avan\u00e7adas (degeneresc\u00eancia macular com atrofia geogr\u00e1fica e degeneresc\u00eancia macular exsudativa) s\u00e3o respons\u00e1veis por 10% a 15% das ocorr\u00eancias e podem provocar perda grave e irrevers\u00edvel da vis\u00e3o central ou de leitura. Estima-se que em Portugal existam cerca de 310 mil pessoas com a forma precoce e cerca de 45 mil com a forma tardia ou avan\u00e7ada (30 mil com a forma exsudativa e 15 mil com a forma de atrofia geogr\u00e1fica). Todos os anos surgem cerca de 45 mil novos casos com a forma precoce da doen\u00e7a e cerca de cinco mil com a forma tardia. As precoces podem evoluir para as tardias e o risco aumenta com idade e a gravidade das les\u00f5es predisponentes, podendo o risco de progress\u00e3o anual chegar aos 10%.<\/p>\n<p>A degeneresc\u00eancia macular tem um significativo impacto na vida do doente e da sua fam\u00edlia e corresponde a um peso enorme em termos econ\u00f3micos para os sistemas de sa\u00fade.<\/p>\n","protected":false},"template":"","class_list":["post-211807","dicio","type-dicio","status-publish","hentry"],"yoast_head":"<!-- This site is optimized with the Yoast SEO Premium plugin v20.9 (Yoast SEO v27.4) - https:\/\/yoast.com\/product\/yoast-seo-premium-wordpress\/ -->\n<title>Degeneresc\u00eancia macular - O que \u00e9 - Consult\u00f3rios e Cl\u00ednicas<\/title>\n<meta name=\"description\" content=\"Degeneresc\u00eancia macular - O que \u00e9 . D\u00favidas frequentes Sa\u00fade para Todos. Consult\u00f3rios e Cl\u00ednicas\" \/>\n<meta name=\"robots\" content=\"index, follow, max-snippet:-1, max-image-preview:large, max-video-preview:-1\" \/>\n<link rel=\"canonical\" href=\"https:\/\/www.somospopular.com.br\/consultorios-e-clinicas\/dicio\/degenerescencia-macular-o-que-e-2\/\" \/>\n<meta property=\"og:locale\" content=\"pt_BR\" \/>\n<meta property=\"og:type\" content=\"article\" \/>\n<meta property=\"og:title\" content=\"Degeneresc\u00eancia macular - O que \u00e9\" \/>\n<meta property=\"og:description\" content=\"Degeneresc\u00eancia macular - O que \u00e9 . D\u00favidas frequentes Sa\u00fade para Todos. Consult\u00f3rios e Cl\u00ednicas\" \/>\n<meta property=\"og:url\" content=\"https:\/\/www.somospopular.com.br\/consultorios-e-clinicas\/dicio\/degenerescencia-macular-o-que-e-2\/\" \/>\n<meta property=\"og:site_name\" content=\"Consult\u00f3rios e Cl\u00ednicas\" \/>\n<meta name=\"twitter:card\" content=\"summary_large_image\" \/>\n<meta name=\"twitter:label1\" content=\"Est. tempo de leitura\" \/>\n\t<meta name=\"twitter:data1\" content=\"2 minutos\" \/>\n<script type=\"application\/ld+json\" class=\"yoast-schema-graph\">{\"@context\":\"https:\\\/\\\/schema.org\",\"@graph\":[{\"@type\":\"WebPage\",\"@id\":\"https:\\\/\\\/www.somospopular.com.br\\\/consultorios-e-clinicas\\\/dicio\\\/degenerescencia-macular-o-que-e-2\\\/\",\"url\":\"https:\\\/\\\/www.somospopular.com.br\\\/consultorios-e-clinicas\\\/dicio\\\/degenerescencia-macular-o-que-e-2\\\/\",\"name\":\"Degeneresc\u00eancia macular - O que \u00e9 - Consult\u00f3rios e Cl\u00ednicas\",\"isPartOf\":{\"@id\":\"https:\\\/\\\/www.somospopular.com.br\\\/consultorios-e-clinicas\\\/#website\"},\"datePublished\":\"2021-03-29T02:04:41+00:00\",\"description\":\"Degeneresc\u00eancia macular - O que \u00e9 . D\u00favidas frequentes Sa\u00fade para Todos. Consult\u00f3rios e Cl\u00ednicas\",\"breadcrumb\":{\"@id\":\"https:\\\/\\\/www.somospopular.com.br\\\/consultorios-e-clinicas\\\/dicio\\\/degenerescencia-macular-o-que-e-2\\\/#breadcrumb\"},\"inLanguage\":\"pt-BR\",\"potentialAction\":[{\"@type\":\"ReadAction\",\"target\":[\"https:\\\/\\\/www.somospopular.com.br\\\/consultorios-e-clinicas\\\/dicio\\\/degenerescencia-macular-o-que-e-2\\\/\"]}]},{\"@type\":\"BreadcrumbList\",\"@id\":\"https:\\\/\\\/www.somospopular.com.br\\\/consultorios-e-clinicas\\\/dicio\\\/degenerescencia-macular-o-que-e-2\\\/#breadcrumb\",\"itemListElement\":[{\"@type\":\"ListItem\",\"position\":1,\"name\":\"In\u00edcio\",\"item\":\"https:\\\/\\\/www.somospopular.com.br\\\/consultorios-e-clinicas\\\/\"},{\"@type\":\"ListItem\",\"position\":2,\"name\":\"Base de Dados\",\"item\":\"https:\\\/\\\/www.somospopular.com.br\\\/consultorios-e-clinicas\\\/dicio\\\/\"},{\"@type\":\"ListItem\",\"position\":3,\"name\":\"Degeneresc\u00eancia macular &#8211; O que \u00e9\"}]},{\"@type\":\"WebSite\",\"@id\":\"https:\\\/\\\/www.somospopular.com.br\\\/consultorios-e-clinicas\\\/#website\",\"url\":\"https:\\\/\\\/www.somospopular.com.br\\\/consultorios-e-clinicas\\\/\",\"name\":\"Consult\u00f3rios e Cl\u00ednicas - Somos Popular\",\"description\":\"Somos Popular\",\"publisher\":{\"@id\":\"https:\\\/\\\/www.somospopular.com.br\\\/consultorios-e-clinicas\\\/#organization\"},\"alternateName\":\"Somos Popular\",\"potentialAction\":[{\"@type\":\"SearchAction\",\"target\":{\"@type\":\"EntryPoint\",\"urlTemplate\":\"https:\\\/\\\/www.somospopular.com.br\\\/consultorios-e-clinicas\\\/?s={search_term_string}\"},\"query-input\":{\"@type\":\"PropertyValueSpecification\",\"valueRequired\":true,\"valueName\":\"search_term_string\"}}],\"inLanguage\":\"pt-BR\"},{\"@type\":\"Organization\",\"@id\":\"https:\\\/\\\/www.somospopular.com.br\\\/consultorios-e-clinicas\\\/#organization\",\"name\":\"Consult\u00f3rios e Cl\u00ednicas - Somos Popular\",\"url\":\"https:\\\/\\\/www.somospopular.com.br\\\/consultorios-e-clinicas\\\/\",\"logo\":{\"@type\":\"ImageObject\",\"inLanguage\":\"pt-BR\",\"@id\":\"https:\\\/\\\/www.somospopular.com.br\\\/consultorios-e-clinicas\\\/#\\\/schema\\\/logo\\\/image\\\/\",\"url\":\"https:\\\/\\\/www.somospopular.com.br\\\/consultorios-e-clinicas\\\/wp-content\\\/uploads\\\/sites\\\/2\\\/2022\\\/05\\\/somos-popular-logo-80.webp\",\"contentUrl\":\"https:\\\/\\\/www.somospopular.com.br\\\/consultorios-e-clinicas\\\/wp-content\\\/uploads\\\/sites\\\/2\\\/2022\\\/05\\\/somos-popular-logo-80.webp\",\"width\":325,\"height\":80,\"caption\":\"Consult\u00f3rios e Cl\u00ednicas - Somos Popular\"},\"image\":{\"@id\":\"https:\\\/\\\/www.somospopular.com.br\\\/consultorios-e-clinicas\\\/#\\\/schema\\\/logo\\\/image\\\/\"}}]}<\/script>\n<!-- \/ Yoast SEO Premium plugin. -->","yoast_head_json":{"title":"Degeneresc\u00eancia macular - O que \u00e9 - Consult\u00f3rios e Cl\u00ednicas","description":"Degeneresc\u00eancia macular - O que \u00e9 . D\u00favidas frequentes Sa\u00fade para Todos. Consult\u00f3rios e Cl\u00ednicas","robots":{"index":"index","follow":"follow","max-snippet":"max-snippet:-1","max-image-preview":"max-image-preview:large","max-video-preview":"max-video-preview:-1"},"canonical":"https:\/\/www.somospopular.com.br\/consultorios-e-clinicas\/dicio\/degenerescencia-macular-o-que-e-2\/","og_locale":"pt_BR","og_type":"article","og_title":"Degeneresc\u00eancia macular - O que \u00e9","og_description":"Degeneresc\u00eancia macular - O que \u00e9 . D\u00favidas frequentes Sa\u00fade para Todos. Consult\u00f3rios e Cl\u00ednicas","og_url":"https:\/\/www.somospopular.com.br\/consultorios-e-clinicas\/dicio\/degenerescencia-macular-o-que-e-2\/","og_site_name":"Consult\u00f3rios e Cl\u00ednicas","twitter_card":"summary_large_image","twitter_misc":{"Est. tempo de leitura":"2 minutos"},"schema":{"@context":"https:\/\/schema.org","@graph":[{"@type":"WebPage","@id":"https:\/\/www.somospopular.com.br\/consultorios-e-clinicas\/dicio\/degenerescencia-macular-o-que-e-2\/","url":"https:\/\/www.somospopular.com.br\/consultorios-e-clinicas\/dicio\/degenerescencia-macular-o-que-e-2\/","name":"Degeneresc\u00eancia macular - O que \u00e9 - Consult\u00f3rios e Cl\u00ednicas","isPartOf":{"@id":"https:\/\/www.somospopular.com.br\/consultorios-e-clinicas\/#website"},"datePublished":"2021-03-29T02:04:41+00:00","description":"Degeneresc\u00eancia macular - O que \u00e9 . D\u00favidas frequentes Sa\u00fade para Todos. Consult\u00f3rios e Cl\u00ednicas","breadcrumb":{"@id":"https:\/\/www.somospopular.com.br\/consultorios-e-clinicas\/dicio\/degenerescencia-macular-o-que-e-2\/#breadcrumb"},"inLanguage":"pt-BR","potentialAction":[{"@type":"ReadAction","target":["https:\/\/www.somospopular.com.br\/consultorios-e-clinicas\/dicio\/degenerescencia-macular-o-que-e-2\/"]}]},{"@type":"BreadcrumbList","@id":"https:\/\/www.somospopular.com.br\/consultorios-e-clinicas\/dicio\/degenerescencia-macular-o-que-e-2\/#breadcrumb","itemListElement":[{"@type":"ListItem","position":1,"name":"In\u00edcio","item":"https:\/\/www.somospopular.com.br\/consultorios-e-clinicas\/"},{"@type":"ListItem","position":2,"name":"Base de Dados","item":"https:\/\/www.somospopular.com.br\/consultorios-e-clinicas\/dicio\/"},{"@type":"ListItem","position":3,"name":"Degeneresc\u00eancia macular &#8211; O que \u00e9"}]},{"@type":"WebSite","@id":"https:\/\/www.somospopular.com.br\/consultorios-e-clinicas\/#website","url":"https:\/\/www.somospopular.com.br\/consultorios-e-clinicas\/","name":"Consult\u00f3rios e Cl\u00ednicas - Somos Popular","description":"Somos Popular","publisher":{"@id":"https:\/\/www.somospopular.com.br\/consultorios-e-clinicas\/#organization"},"alternateName":"Somos Popular","potentialAction":[{"@type":"SearchAction","target":{"@type":"EntryPoint","urlTemplate":"https:\/\/www.somospopular.com.br\/consultorios-e-clinicas\/?s={search_term_string}"},"query-input":{"@type":"PropertyValueSpecification","valueRequired":true,"valueName":"search_term_string"}}],"inLanguage":"pt-BR"},{"@type":"Organization","@id":"https:\/\/www.somospopular.com.br\/consultorios-e-clinicas\/#organization","name":"Consult\u00f3rios e Cl\u00ednicas - Somos Popular","url":"https:\/\/www.somospopular.com.br\/consultorios-e-clinicas\/","logo":{"@type":"ImageObject","inLanguage":"pt-BR","@id":"https:\/\/www.somospopular.com.br\/consultorios-e-clinicas\/#\/schema\/logo\/image\/","url":"https:\/\/www.somospopular.com.br\/consultorios-e-clinicas\/wp-content\/uploads\/sites\/2\/2022\/05\/somos-popular-logo-80.webp","contentUrl":"https:\/\/www.somospopular.com.br\/consultorios-e-clinicas\/wp-content\/uploads\/sites\/2\/2022\/05\/somos-popular-logo-80.webp","width":325,"height":80,"caption":"Consult\u00f3rios e Cl\u00ednicas - Somos Popular"},"image":{"@id":"https:\/\/www.somospopular.com.br\/consultorios-e-clinicas\/#\/schema\/logo\/image\/"}}]}},"_links":{"self":[{"href":"https:\/\/www.somospopular.com.br\/consultorios-e-clinicas\/wp-json\/wp\/v2\/dicio\/211807","targetHints":{"allow":["GET"]}}],"collection":[{"href":"https:\/\/www.somospopular.com.br\/consultorios-e-clinicas\/wp-json\/wp\/v2\/dicio"}],"about":[{"href":"https:\/\/www.somospopular.com.br\/consultorios-e-clinicas\/wp-json\/wp\/v2\/types\/dicio"}],"wp:attachment":[{"href":"https:\/\/www.somospopular.com.br\/consultorios-e-clinicas\/wp-json\/wp\/v2\/media?parent=211807"}],"curies":[{"name":"wp","href":"https:\/\/api.w.org\/{rel}","templated":true}]}}

Degenerescência macular &#8211; O que é

<p>É uma doença degenerativa da área central da retina (mácula) e conduz a uma diminuição acentuada e irreversível da visão central, com conservação da visão periférica. A sua incidência e a prevalência têm vindo a aumentar, o que resulta do envelhecimento geral da população, do aumento das situações implicadas no seu aparecimento e, também, da melhoria da capacidade de diagnóstico.</p>
<p>Corresponde à principal causa de cegueira nos países ocidentais. Em geral a doença aparece depois dos 55 anos, é progressiva, aumentando a sua prevalência com a idade. Em Portugal, cerca de 12% das pessoas com 55 anos ou mais sofrem de degenerescência macular. A forma mais precoce conta com cerca de 85% a 90% dos casos e em regra não provoca sintomas relevantes. As formas tardias ou avançadas (degenerescência macular com atrofia geográfica e degenerescência macular exsudativa) são responsáveis por 10% a 15% das ocorrências e podem provocar perda grave e irreversível da visão central ou de leitura. Estima-se que em Portugal existam cerca de 310 mil pessoas com a forma precoce e cerca de 45 mil com a forma tardia ou avançada (30 mil com a forma exsudativa e 15 mil com a forma de atrofia geográfica). Todos os anos surgem cerca de 45 mil novos casos com a forma precoce da doença e cerca de cinco mil com a forma tardia. As precoces podem evoluir para as tardias e o risco aumenta com idade e a gravidade das lesões predisponentes, podendo o risco de progressão anual chegar aos 10%.</p>
<p>A degenerescência macular tem um significativo impacto na vida do doente e da sua família e corresponde a um peso enorme em termos económicos para os sistemas de saúde.</p>

<!-- This site is optimized with the Yoast SEO Premium plugin v20.9 (Yoast SEO v27.4) - https://yoast.com/product/yoast-seo-premium-wordpress/ -->
<title>Degenerescência macular - O que é - Consultórios e Clínicas</title>
<meta name="description" content="Degenerescência macular - O que é . Dúvidas frequentes Saúde para Todos. Consultórios e Clínicas" />
<meta name="robots" content="index, follow, max-snippet:-1, max-image-preview:large, max-video-preview:-1" />
<link rel="canonical" href="https://www.somospopular.com.br/consultorios-e-clinicas/dicio/degenerescencia-macular-o-que-e-2/" />
<meta property="og:locale" content="pt_BR" />
<meta property="og:type" content="article" />
<meta property="og:title" content="Degenerescência macular - O que é" />
<meta property="og:description" content="Degenerescência macular - O que é . Dúvidas frequentes Saúde para Todos. Consultórios e Clínicas" />
<meta property="og:url" content="https://www.somospopular.com.br/consultorios-e-clinicas/dicio/degenerescencia-macular-o-que-e-2/" />
<meta property="og:site_name" content="Consultórios e Clínicas" />
<meta name="twitter:card" content="summary_large_image" />
<meta name="twitter:label1" content="Est. tempo de leitura" />
	<meta name="twitter:data1" content="2 minutos" />
<script type="application/ld+json" class="yoast-schema-graph">{"@context":"https:\/\/schema.org","@graph":[{"@type":"WebPage","@id":"https:\/\/www.somospopular.com.br\/consultorios-e-clinicas\/dicio\/degenerescencia-macular-o-que-e-2\/","url":"https:\/\/www.somospopular.com.br\/consultorios-e-clinicas\/dicio\/degenerescencia-macular-o-que-e-2\/","name":"Degenerescência macular - O que é - Consultórios e Clínicas","isPartOf":{"@id":"https:\/\/www.somospopular.com.br\/consultorios-e-clinicas\/#website"},"datePublished":"2021-03-29T02:04:41+00:00","description":"Degenerescência macular - O que é . Dúvidas frequentes Saúde para Todos. Consultórios e Clínicas","breadcrumb":{"@id":"https:\/\/www.somospopular.com.br\/consultorios-e-clinicas\/dicio\/degenerescencia-macular-o-que-e-2\/#breadcrumb"},"inLanguage":"pt-BR","potentialAction":[{"@type":"ReadAction","target":["https:\/\/www.somospopular.com.br\/consultorios-e-clinicas\/dicio\/degenerescencia-macular-o-que-e-2\/"]}]},{"@type":"BreadcrumbList","@id":"https:\/\/www.somospopular.com.br\/consultorios-e-clinicas\/dicio\/degenerescencia-macular-o-que-e-2\/#breadcrumb","itemListElement":[{"@type":"ListItem","position":1,"name":"Início","item":"https:\/\/www.somospopular.com.br\/consultorios-e-clinicas\/"},{"@type":"ListItem","position":2,"name":"Base de Dados","item":"https:\/\/www.somospopular.com.br\/consultorios-e-clinicas\/dicio\/"},{"@type":"ListItem","position":3,"name":"Degenerescência macular &#8211; O que é"}]},{"@type":"WebSite","@id":"https:\/\/www.somospopular.com.br\/consultorios-e-clinicas\/#website","url":"https:\/\/www.somospopular.com.br\/consultorios-e-clinicas\/","name":"Consultórios e Clínicas - Somos Popular","description":"Somos Popular","publisher":{"@id":"https:\/\/www.somospopular.com.br\/consultorios-e-clinicas\/#organization"},"alternateName":"Somos Popular","potentialAction":[{"@type":"SearchAction","target":{"@type":"EntryPoint","urlTemplate":"https:\/\/www.somospopular.com.br\/consultorios-e-clinicas\/?s={search_term_string}"},"query-input":{"@type":"PropertyValueSpecification","valueRequired":true,"valueName":"search_term_string"}}],"inLanguage":"pt-BR"},{"@type":"Organization","@id":"https:\/\/www.somospopular.com.br\/consultorios-e-clinicas\/#organization","name":"Consultórios e Clínicas - Somos Popular","url":"https:\/\/www.somospopular.com.br\/consultorios-e-clinicas\/","logo":{"@type":"ImageObject","inLanguage":"pt-BR","@id":"https:\/\/www.somospopular.com.br\/consultorios-e-clinicas\/#\/schema\/logo\/image\/","url":"https:\/\/www.somospopular.com.br\/consultorios-e-clinicas\/wp-content\/uploads\/sites\/2\/2022\/05\/somos-popular-logo-80.webp","contentUrl":"https:\/\/www.somospopular.com.br\/consultorios-e-clinicas\/wp-content\/uploads\/sites\/2\/2022\/05\/somos-popular-logo-80.webp","width":325,"height":80,"caption":"Consultórios e Clínicas - Somos Popular"},"image":{"@id":"https:\/\/www.somospopular.com.br\/consultorios-e-clinicas\/#\/schema\/logo\/image\/"}}]}</script>
<!-- / Yoast SEO Premium plugin. -->

Degenerescência macular - O que é - Consultórios e Clínicas

Degenerescência macular - O que é . Dúvidas frequentes Saúde para Todos. Consultórios e Clínicas

Degenerescência macular - O que é

Consultórios e Clínicas

Início

Consultórios e Clínicas - Somos Popular
