{"id":212472,"date":"2022-09-10T00:28:45","date_gmt":"2022-09-10T03:28:45","guid":{"rendered":"https:\/\/www.somospopular.com.br\/consultorios-e-clinicas\/dicio\/melanoma-prevencao\/"},"modified":"2022-09-10T00:28:45","modified_gmt":"2022-09-10T03:28:45","slug":"melanoma-prevencao","status":"publish","type":"dicio","link":"https:\/\/www.somospopular.com.br\/consultorios-e-clinicas\/dicio\/melanoma-prevencao\/","title":{"rendered":"Melanoma &#8211; Preven\u00e7\u00e3o"},"content":{"rendered":"<p>O n\u00famero de pessoas com melanoma tem aumentado ano ap\u00f3s ano, mas h\u00e1 formas de reduzir o risco de desenvolver a doen\u00e7a.<\/p>\n<p>Verifique os seus sinais com periodicidade e avise o seu m\u00e9dico de qualquer altera\u00e7\u00e3o nos mesmos ou na sua pele. Se tiver muitos sinais, dever\u00e1 consultar um dermatologista regularmente.<\/p>\n<p>\u00a0<\/p>\n<p>Provavelmente j\u00e1 ouviu dizer que o m\u00e9todo mais eficaz de prevenir o melanoma \u00e9 evitar o sol. Com efeito, a exposi\u00e7\u00e3o excessiva ao sol n\u00e3o s\u00f3 provoca o envelhecimento da pele, como pode contribuir para o desenvolvimento cancros da pele, nomeadamente do melanoma.\u00a0<\/p>\n<p>\u00a0<\/p>\n<p>A refor\u00e7ar esta associa\u00e7\u00e3o temos o aumento da incid\u00eancia de melanoma maligno em pessoas com antecedentes de queimaduras solares na inf\u00e2ncia. <\/p>\n<p>\u00a0<\/p>\n<p>No entanto, a exposi\u00e7\u00e3o \u00e0 luz solar com modera\u00e7\u00e3o \u00e9 ben\u00e9fica. Al\u00e9m do efeito psicol\u00f3gico, a exposi\u00e7\u00e3o solar \u00e9 essencial para a sintetiza a vitamina D na pele. A vitamina D promove a sa\u00fade das articula\u00e7\u00f5es e ossos, mas tamb\u00e9m tem sido associada com a preven\u00e7\u00e3o de certos tipos de cancro e doen\u00e7as auto-imunes.<\/p>\n<p>Uma pessoa saud\u00e1vel necessita de 5 a 15 minutos de exposi\u00e7\u00e3o solar na maioria dos dias, nas m\u00e3os, bra\u00e7os e rosto, para produzir uma quantidade suficiente de vitamina D. Durante o Inverno, necessita de 2 a 3 horas semanais.<\/p>\n<p>\u00a0<\/p>\n<p>Nunca deve efetuar sol\u00e1rio com o objectivo de sintetizar vitamina D. Os sol\u00e1rios s\u00e3o fontes artificiais de radia\u00e7\u00e3o ultravioleta. A sua utiliza\u00e7\u00e3o est\u00e1 associado ao aumento de risco de melanoma, em particular em pessoas que iniciaram essa pr\u00e1tica com idade inferior a 35 anos.<\/p>\n<p>O diagn\u00f3stico precoce leva, na maioria dos casos \u00e0 cura do tumor, mas o diagn\u00f3stico em fases tardias acarreta elevada mortalidade e morbilidade, pelo que \u00e9 importante aumentar a fiabilidade diagn\u00f3stica do melanoma<\/p>\n<p>Esta \u00e9 a principal raz\u00e3o porque \u00e9 t\u00e3o importante detetar o melanoma antes de o mesmo afetar a derme. A maioria das pessoas poder\u00e1 curar-se se o melanoma estiver circunscrito \u00e0 epiderme.<\/p>\n","protected":false},"template":"","class_list":["post-212472","dicio","type-dicio","status-publish","hentry"],"yoast_head":"<!-- This site is optimized with the Yoast SEO Premium plugin v20.9 (Yoast SEO v27.4) - https:\/\/yoast.com\/product\/yoast-seo-premium-wordpress\/ -->\n<title>Melanoma - Preven\u00e7\u00e3o - Consult\u00f3rios e Cl\u00ednicas<\/title>\n<meta name=\"description\" content=\"Melanoma - Preven\u00e7\u00e3o . D\u00favidas frequentes Sa\u00fade para Todos. Consult\u00f3rios e Cl\u00ednicas\" \/>\n<meta name=\"robots\" content=\"index, follow, max-snippet:-1, max-image-preview:large, max-video-preview:-1\" \/>\n<link rel=\"canonical\" href=\"https:\/\/www.somospopular.com.br\/consultorios-e-clinicas\/dicio\/melanoma-prevencao\/\" \/>\n<meta property=\"og:locale\" content=\"pt_BR\" \/>\n<meta property=\"og:type\" content=\"article\" \/>\n<meta property=\"og:title\" content=\"Melanoma - Preven\u00e7\u00e3o\" \/>\n<meta property=\"og:description\" content=\"Melanoma - Preven\u00e7\u00e3o . D\u00favidas frequentes Sa\u00fade para Todos. Consult\u00f3rios e Cl\u00ednicas\" \/>\n<meta property=\"og:url\" content=\"https:\/\/www.somospopular.com.br\/consultorios-e-clinicas\/dicio\/melanoma-prevencao\/\" \/>\n<meta property=\"og:site_name\" content=\"Consult\u00f3rios e Cl\u00ednicas\" \/>\n<meta name=\"twitter:card\" content=\"summary_large_image\" \/>\n<meta name=\"twitter:label1\" content=\"Est. tempo de leitura\" \/>\n\t<meta name=\"twitter:data1\" content=\"2 minutos\" \/>\n<script type=\"application\/ld+json\" class=\"yoast-schema-graph\">{\"@context\":\"https:\\\/\\\/schema.org\",\"@graph\":[{\"@type\":\"WebPage\",\"@id\":\"https:\\\/\\\/www.somospopular.com.br\\\/consultorios-e-clinicas\\\/dicio\\\/melanoma-prevencao\\\/\",\"url\":\"https:\\\/\\\/www.somospopular.com.br\\\/consultorios-e-clinicas\\\/dicio\\\/melanoma-prevencao\\\/\",\"name\":\"Melanoma - Preven\u00e7\u00e3o - Consult\u00f3rios e Cl\u00ednicas\",\"isPartOf\":{\"@id\":\"https:\\\/\\\/www.somospopular.com.br\\\/consultorios-e-clinicas\\\/#website\"},\"datePublished\":\"2022-09-10T03:28:45+00:00\",\"description\":\"Melanoma - Preven\u00e7\u00e3o . D\u00favidas frequentes Sa\u00fade para Todos. Consult\u00f3rios e Cl\u00ednicas\",\"breadcrumb\":{\"@id\":\"https:\\\/\\\/www.somospopular.com.br\\\/consultorios-e-clinicas\\\/dicio\\\/melanoma-prevencao\\\/#breadcrumb\"},\"inLanguage\":\"pt-BR\",\"potentialAction\":[{\"@type\":\"ReadAction\",\"target\":[\"https:\\\/\\\/www.somospopular.com.br\\\/consultorios-e-clinicas\\\/dicio\\\/melanoma-prevencao\\\/\"]}]},{\"@type\":\"BreadcrumbList\",\"@id\":\"https:\\\/\\\/www.somospopular.com.br\\\/consultorios-e-clinicas\\\/dicio\\\/melanoma-prevencao\\\/#breadcrumb\",\"itemListElement\":[{\"@type\":\"ListItem\",\"position\":1,\"name\":\"In\u00edcio\",\"item\":\"https:\\\/\\\/www.somospopular.com.br\\\/consultorios-e-clinicas\\\/\"},{\"@type\":\"ListItem\",\"position\":2,\"name\":\"Base de Dados\",\"item\":\"https:\\\/\\\/www.somospopular.com.br\\\/consultorios-e-clinicas\\\/dicio\\\/\"},{\"@type\":\"ListItem\",\"position\":3,\"name\":\"Melanoma &#8211; Preven\u00e7\u00e3o\"}]},{\"@type\":\"WebSite\",\"@id\":\"https:\\\/\\\/www.somospopular.com.br\\\/consultorios-e-clinicas\\\/#website\",\"url\":\"https:\\\/\\\/www.somospopular.com.br\\\/consultorios-e-clinicas\\\/\",\"name\":\"Consult\u00f3rios e Cl\u00ednicas - Somos Popular\",\"description\":\"Somos Popular\",\"publisher\":{\"@id\":\"https:\\\/\\\/www.somospopular.com.br\\\/consultorios-e-clinicas\\\/#organization\"},\"alternateName\":\"Somos Popular\",\"potentialAction\":[{\"@type\":\"SearchAction\",\"target\":{\"@type\":\"EntryPoint\",\"urlTemplate\":\"https:\\\/\\\/www.somospopular.com.br\\\/consultorios-e-clinicas\\\/?s={search_term_string}\"},\"query-input\":{\"@type\":\"PropertyValueSpecification\",\"valueRequired\":true,\"valueName\":\"search_term_string\"}}],\"inLanguage\":\"pt-BR\"},{\"@type\":\"Organization\",\"@id\":\"https:\\\/\\\/www.somospopular.com.br\\\/consultorios-e-clinicas\\\/#organization\",\"name\":\"Consult\u00f3rios e Cl\u00ednicas - Somos Popular\",\"url\":\"https:\\\/\\\/www.somospopular.com.br\\\/consultorios-e-clinicas\\\/\",\"logo\":{\"@type\":\"ImageObject\",\"inLanguage\":\"pt-BR\",\"@id\":\"https:\\\/\\\/www.somospopular.com.br\\\/consultorios-e-clinicas\\\/#\\\/schema\\\/logo\\\/image\\\/\",\"url\":\"https:\\\/\\\/www.somospopular.com.br\\\/consultorios-e-clinicas\\\/wp-content\\\/uploads\\\/sites\\\/2\\\/2022\\\/05\\\/somos-popular-logo-80.webp\",\"contentUrl\":\"https:\\\/\\\/www.somospopular.com.br\\\/consultorios-e-clinicas\\\/wp-content\\\/uploads\\\/sites\\\/2\\\/2022\\\/05\\\/somos-popular-logo-80.webp\",\"width\":325,\"height\":80,\"caption\":\"Consult\u00f3rios e Cl\u00ednicas - Somos Popular\"},\"image\":{\"@id\":\"https:\\\/\\\/www.somospopular.com.br\\\/consultorios-e-clinicas\\\/#\\\/schema\\\/logo\\\/image\\\/\"}}]}<\/script>\n<!-- \/ Yoast SEO Premium plugin. -->","yoast_head_json":{"title":"Melanoma - Preven\u00e7\u00e3o - Consult\u00f3rios e Cl\u00ednicas","description":"Melanoma - Preven\u00e7\u00e3o . D\u00favidas frequentes Sa\u00fade para Todos. Consult\u00f3rios e Cl\u00ednicas","robots":{"index":"index","follow":"follow","max-snippet":"max-snippet:-1","max-image-preview":"max-image-preview:large","max-video-preview":"max-video-preview:-1"},"canonical":"https:\/\/www.somospopular.com.br\/consultorios-e-clinicas\/dicio\/melanoma-prevencao\/","og_locale":"pt_BR","og_type":"article","og_title":"Melanoma - Preven\u00e7\u00e3o","og_description":"Melanoma - Preven\u00e7\u00e3o . D\u00favidas frequentes Sa\u00fade para Todos. Consult\u00f3rios e Cl\u00ednicas","og_url":"https:\/\/www.somospopular.com.br\/consultorios-e-clinicas\/dicio\/melanoma-prevencao\/","og_site_name":"Consult\u00f3rios e Cl\u00ednicas","twitter_card":"summary_large_image","twitter_misc":{"Est. tempo de leitura":"2 minutos"},"schema":{"@context":"https:\/\/schema.org","@graph":[{"@type":"WebPage","@id":"https:\/\/www.somospopular.com.br\/consultorios-e-clinicas\/dicio\/melanoma-prevencao\/","url":"https:\/\/www.somospopular.com.br\/consultorios-e-clinicas\/dicio\/melanoma-prevencao\/","name":"Melanoma - Preven\u00e7\u00e3o - Consult\u00f3rios e Cl\u00ednicas","isPartOf":{"@id":"https:\/\/www.somospopular.com.br\/consultorios-e-clinicas\/#website"},"datePublished":"2022-09-10T03:28:45+00:00","description":"Melanoma - Preven\u00e7\u00e3o . D\u00favidas frequentes Sa\u00fade para Todos. Consult\u00f3rios e Cl\u00ednicas","breadcrumb":{"@id":"https:\/\/www.somospopular.com.br\/consultorios-e-clinicas\/dicio\/melanoma-prevencao\/#breadcrumb"},"inLanguage":"pt-BR","potentialAction":[{"@type":"ReadAction","target":["https:\/\/www.somospopular.com.br\/consultorios-e-clinicas\/dicio\/melanoma-prevencao\/"]}]},{"@type":"BreadcrumbList","@id":"https:\/\/www.somospopular.com.br\/consultorios-e-clinicas\/dicio\/melanoma-prevencao\/#breadcrumb","itemListElement":[{"@type":"ListItem","position":1,"name":"In\u00edcio","item":"https:\/\/www.somospopular.com.br\/consultorios-e-clinicas\/"},{"@type":"ListItem","position":2,"name":"Base de Dados","item":"https:\/\/www.somospopular.com.br\/consultorios-e-clinicas\/dicio\/"},{"@type":"ListItem","position":3,"name":"Melanoma &#8211; Preven\u00e7\u00e3o"}]},{"@type":"WebSite","@id":"https:\/\/www.somospopular.com.br\/consultorios-e-clinicas\/#website","url":"https:\/\/www.somospopular.com.br\/consultorios-e-clinicas\/","name":"Consult\u00f3rios e Cl\u00ednicas - Somos Popular","description":"Somos Popular","publisher":{"@id":"https:\/\/www.somospopular.com.br\/consultorios-e-clinicas\/#organization"},"alternateName":"Somos Popular","potentialAction":[{"@type":"SearchAction","target":{"@type":"EntryPoint","urlTemplate":"https:\/\/www.somospopular.com.br\/consultorios-e-clinicas\/?s={search_term_string}"},"query-input":{"@type":"PropertyValueSpecification","valueRequired":true,"valueName":"search_term_string"}}],"inLanguage":"pt-BR"},{"@type":"Organization","@id":"https:\/\/www.somospopular.com.br\/consultorios-e-clinicas\/#organization","name":"Consult\u00f3rios e Cl\u00ednicas - Somos Popular","url":"https:\/\/www.somospopular.com.br\/consultorios-e-clinicas\/","logo":{"@type":"ImageObject","inLanguage":"pt-BR","@id":"https:\/\/www.somospopular.com.br\/consultorios-e-clinicas\/#\/schema\/logo\/image\/","url":"https:\/\/www.somospopular.com.br\/consultorios-e-clinicas\/wp-content\/uploads\/sites\/2\/2022\/05\/somos-popular-logo-80.webp","contentUrl":"https:\/\/www.somospopular.com.br\/consultorios-e-clinicas\/wp-content\/uploads\/sites\/2\/2022\/05\/somos-popular-logo-80.webp","width":325,"height":80,"caption":"Consult\u00f3rios e Cl\u00ednicas - Somos Popular"},"image":{"@id":"https:\/\/www.somospopular.com.br\/consultorios-e-clinicas\/#\/schema\/logo\/image\/"}}]}},"_links":{"self":[{"href":"https:\/\/www.somospopular.com.br\/consultorios-e-clinicas\/wp-json\/wp\/v2\/dicio\/212472","targetHints":{"allow":["GET"]}}],"collection":[{"href":"https:\/\/www.somospopular.com.br\/consultorios-e-clinicas\/wp-json\/wp\/v2\/dicio"}],"about":[{"href":"https:\/\/www.somospopular.com.br\/consultorios-e-clinicas\/wp-json\/wp\/v2\/types\/dicio"}],"wp:attachment":[{"href":"https:\/\/www.somospopular.com.br\/consultorios-e-clinicas\/wp-json\/wp\/v2\/media?parent=212472"}],"curies":[{"name":"wp","href":"https:\/\/api.w.org\/{rel}","templated":true}]}}

Melanoma &#8211; Prevenção

<p>O número de pessoas com melanoma tem aumentado ano após ano, mas há formas de reduzir o risco de desenvolver a doença.</p>
<p>Verifique os seus sinais com periodicidade e avise o seu médico de qualquer alteração nos mesmos ou na sua pele. Se tiver muitos sinais, deverá consultar um dermatologista regularmente.</p>
<p> </p>
<p>Provavelmente já ouviu dizer que o método mais eficaz de prevenir o melanoma é evitar o sol. Com efeito, a exposição excessiva ao sol não só provoca o envelhecimento da pele, como pode contribuir para o desenvolvimento cancros da pele, nomeadamente do melanoma. </p>
<p> </p>
<p>A reforçar esta associação temos o aumento da incidência de melanoma maligno em pessoas com antecedentes de queimaduras solares na infância. </p>
<p> </p>
<p>No entanto, a exposição à luz solar com moderação é benéfica. Além do efeito psicológico, a exposição solar é essencial para a sintetiza a vitamina D na pele. A vitamina D promove a saúde das articulações e ossos, mas também tem sido associada com a prevenção de certos tipos de cancro e doenças auto-imunes.</p>
<p>Uma pessoa saudável necessita de 5 a 15 minutos de exposição solar na maioria dos dias, nas mãos, braços e rosto, para produzir uma quantidade suficiente de vitamina D. Durante o Inverno, necessita de 2 a 3 horas semanais.</p>
<p> </p>
<p>Nunca deve efetuar solário com o objectivo de sintetizar vitamina D. Os solários são fontes artificiais de radiação ultravioleta. A sua utilização está associado ao aumento de risco de melanoma, em particular em pessoas que iniciaram essa prática com idade inferior a 35 anos.</p>
<p>O diagnóstico precoce leva, na maioria dos casos à cura do tumor, mas o diagnóstico em fases tardias acarreta elevada mortalidade e morbilidade, pelo que é importante aumentar a fiabilidade diagnóstica do melanoma</p>
<p>Esta é a principal razão porque é tão importante detetar o melanoma antes de o mesmo afetar a derme. A maioria das pessoas poderá curar-se se o melanoma estiver circunscrito à epiderme.</p>

<!-- This site is optimized with the Yoast SEO Premium plugin v20.9 (Yoast SEO v27.4) - https://yoast.com/product/yoast-seo-premium-wordpress/ -->
<title>Melanoma - Prevenção - Consultórios e Clínicas</title>
<meta name="description" content="Melanoma - Prevenção . Dúvidas frequentes Saúde para Todos. Consultórios e Clínicas" />
<meta name="robots" content="index, follow, max-snippet:-1, max-image-preview:large, max-video-preview:-1" />
<link rel="canonical" href="https://www.somospopular.com.br/consultorios-e-clinicas/dicio/melanoma-prevencao/" />
<meta property="og:locale" content="pt_BR" />
<meta property="og:type" content="article" />
<meta property="og:title" content="Melanoma - Prevenção" />
<meta property="og:description" content="Melanoma - Prevenção . Dúvidas frequentes Saúde para Todos. Consultórios e Clínicas" />
<meta property="og:url" content="https://www.somospopular.com.br/consultorios-e-clinicas/dicio/melanoma-prevencao/" />
<meta property="og:site_name" content="Consultórios e Clínicas" />
<meta name="twitter:card" content="summary_large_image" />
<meta name="twitter:label1" content="Est. tempo de leitura" />
	<meta name="twitter:data1" content="2 minutos" />
<script type="application/ld+json" class="yoast-schema-graph">{"@context":"https:\/\/schema.org","@graph":[{"@type":"WebPage","@id":"https:\/\/www.somospopular.com.br\/consultorios-e-clinicas\/dicio\/melanoma-prevencao\/","url":"https:\/\/www.somospopular.com.br\/consultorios-e-clinicas\/dicio\/melanoma-prevencao\/","name":"Melanoma - Prevenção - Consultórios e Clínicas","isPartOf":{"@id":"https:\/\/www.somospopular.com.br\/consultorios-e-clinicas\/#website"},"datePublished":"2022-09-10T03:28:45+00:00","description":"Melanoma - Prevenção . Dúvidas frequentes Saúde para Todos. Consultórios e Clínicas","breadcrumb":{"@id":"https:\/\/www.somospopular.com.br\/consultorios-e-clinicas\/dicio\/melanoma-prevencao\/#breadcrumb"},"inLanguage":"pt-BR","potentialAction":[{"@type":"ReadAction","target":["https:\/\/www.somospopular.com.br\/consultorios-e-clinicas\/dicio\/melanoma-prevencao\/"]}]},{"@type":"BreadcrumbList","@id":"https:\/\/www.somospopular.com.br\/consultorios-e-clinicas\/dicio\/melanoma-prevencao\/#breadcrumb","itemListElement":[{"@type":"ListItem","position":1,"name":"Início","item":"https:\/\/www.somospopular.com.br\/consultorios-e-clinicas\/"},{"@type":"ListItem","position":2,"name":"Base de Dados","item":"https:\/\/www.somospopular.com.br\/consultorios-e-clinicas\/dicio\/"},{"@type":"ListItem","position":3,"name":"Melanoma &#8211; Prevenção"}]},{"@type":"WebSite","@id":"https:\/\/www.somospopular.com.br\/consultorios-e-clinicas\/#website","url":"https:\/\/www.somospopular.com.br\/consultorios-e-clinicas\/","name":"Consultórios e Clínicas - Somos Popular","description":"Somos Popular","publisher":{"@id":"https:\/\/www.somospopular.com.br\/consultorios-e-clinicas\/#organization"},"alternateName":"Somos Popular","potentialAction":[{"@type":"SearchAction","target":{"@type":"EntryPoint","urlTemplate":"https:\/\/www.somospopular.com.br\/consultorios-e-clinicas\/?s={search_term_string}"},"query-input":{"@type":"PropertyValueSpecification","valueRequired":true,"valueName":"search_term_string"}}],"inLanguage":"pt-BR"},{"@type":"Organization","@id":"https:\/\/www.somospopular.com.br\/consultorios-e-clinicas\/#organization","name":"Consultórios e Clínicas - Somos Popular","url":"https:\/\/www.somospopular.com.br\/consultorios-e-clinicas\/","logo":{"@type":"ImageObject","inLanguage":"pt-BR","@id":"https:\/\/www.somospopular.com.br\/consultorios-e-clinicas\/#\/schema\/logo\/image\/","url":"https:\/\/www.somospopular.com.br\/consultorios-e-clinicas\/wp-content\/uploads\/sites\/2\/2022\/05\/somos-popular-logo-80.webp","contentUrl":"https:\/\/www.somospopular.com.br\/consultorios-e-clinicas\/wp-content\/uploads\/sites\/2\/2022\/05\/somos-popular-logo-80.webp","width":325,"height":80,"caption":"Consultórios e Clínicas - Somos Popular"},"image":{"@id":"https:\/\/www.somospopular.com.br\/consultorios-e-clinicas\/#\/schema\/logo\/image\/"}}]}</script>
<!-- / Yoast SEO Premium plugin. -->

Melanoma - Prevenção - Consultórios e Clínicas

Melanoma - Prevenção . Dúvidas frequentes Saúde para Todos. Consultórios e Clínicas

Melanoma - Prevenção

Consultórios e Clínicas

Início

Consultórios e Clínicas - Somos Popular
