{"id":215252,"date":"2022-03-22T15:22:51","date_gmt":"2022-03-22T18:22:51","guid":{"rendered":"https:\/\/www.somospopular.com.br\/consultorios-e-clinicas\/dicio\/com-quantas-semanas-e-possivel-ouvir-o-coracao-do-bebe\/"},"modified":"2022-03-22T15:22:51","modified_gmt":"2022-03-22T18:22:51","slug":"com-quantas-semanas-e-possivel-ouvir-o-coracao-do-bebe","status":"publish","type":"dicio","link":"https:\/\/www.somospopular.com.br\/consultorios-e-clinicas\/dicio\/com-quantas-semanas-e-possivel-ouvir-o-coracao-do-bebe\/","title":{"rendered":"Com quantas semanas \u00e9 poss\u00edvel ouvir o cora\u00e7\u00e3o do beb\u00ea?"},"content":{"rendered":"<p>\u00c9 poss\u00edvel ouvir o cora\u00e7\u00e3o do beb\u00ea cerca de 22 dias ap\u00f3s a concep\u00e7\u00e3o, ou seja, por volta da quinta semana ap\u00f3s a \u00faltima menstrua\u00e7\u00e3o, atrav\u00e9s de um Doppler fetal, ultrassom vaginal e abdominal ou um fetosc\u00f3pio.<\/p>\n","protected":false},"template":"","class_list":["post-215252","dicio","type-dicio","status-publish","hentry"],"yoast_head":"<!-- This site is optimized with the Yoast SEO Premium plugin v20.9 (Yoast SEO v27.4) - https:\/\/yoast.com\/product\/yoast-seo-premium-wordpress\/ -->\n<title>Com quantas semanas \u00e9 poss\u00edvel ouvir o cora\u00e7\u00e3o do beb\u00ea? - Consult\u00f3rios e Cl\u00ednicas<\/title>\n<meta name=\"description\" content=\"Com quantas semanas \u00e9 poss\u00edvel ouvir o cora\u00e7\u00e3o do beb\u00ea? . D\u00favidas frequentes Sa\u00fade para Todos. Consult\u00f3rios e Cl\u00ednicas\" \/>\n<meta name=\"robots\" content=\"index, follow, max-snippet:-1, max-image-preview:large, max-video-preview:-1\" \/>\n<link rel=\"canonical\" href=\"https:\/\/www.somospopular.com.br\/consultorios-e-clinicas\/dicio\/com-quantas-semanas-e-possivel-ouvir-o-coracao-do-bebe\/\" \/>\n<meta property=\"og:locale\" content=\"pt_BR\" \/>\n<meta property=\"og:type\" content=\"article\" \/>\n<meta property=\"og:title\" content=\"Com quantas semanas \u00e9 poss\u00edvel ouvir o cora\u00e7\u00e3o do beb\u00ea?\" \/>\n<meta property=\"og:description\" content=\"Com quantas semanas \u00e9 poss\u00edvel ouvir o cora\u00e7\u00e3o do beb\u00ea? . D\u00favidas frequentes Sa\u00fade para Todos. Consult\u00f3rios e Cl\u00ednicas\" \/>\n<meta property=\"og:url\" content=\"https:\/\/www.somospopular.com.br\/consultorios-e-clinicas\/dicio\/com-quantas-semanas-e-possivel-ouvir-o-coracao-do-bebe\/\" \/>\n<meta property=\"og:site_name\" content=\"Consult\u00f3rios e Cl\u00ednicas\" \/>\n<meta name=\"twitter:card\" content=\"summary_large_image\" \/>\n<script type=\"application\/ld+json\" class=\"yoast-schema-graph\">{\"@context\":\"https:\\\/\\\/schema.org\",\"@graph\":[{\"@type\":\"WebPage\",\"@id\":\"https:\\\/\\\/www.somospopular.com.br\\\/consultorios-e-clinicas\\\/dicio\\\/com-quantas-semanas-e-possivel-ouvir-o-coracao-do-bebe\\\/\",\"url\":\"https:\\\/\\\/www.somospopular.com.br\\\/consultorios-e-clinicas\\\/dicio\\\/com-quantas-semanas-e-possivel-ouvir-o-coracao-do-bebe\\\/\",\"name\":\"Com quantas semanas \u00e9 poss\u00edvel ouvir o cora\u00e7\u00e3o do beb\u00ea? - Consult\u00f3rios e Cl\u00ednicas\",\"isPartOf\":{\"@id\":\"https:\\\/\\\/www.somospopular.com.br\\\/consultorios-e-clinicas\\\/#website\"},\"datePublished\":\"2022-03-22T18:22:51+00:00\",\"description\":\"Com quantas semanas \u00e9 poss\u00edvel ouvir o cora\u00e7\u00e3o do beb\u00ea? . D\u00favidas frequentes Sa\u00fade para Todos. Consult\u00f3rios e Cl\u00ednicas\",\"breadcrumb\":{\"@id\":\"https:\\\/\\\/www.somospopular.com.br\\\/consultorios-e-clinicas\\\/dicio\\\/com-quantas-semanas-e-possivel-ouvir-o-coracao-do-bebe\\\/#breadcrumb\"},\"inLanguage\":\"pt-BR\",\"potentialAction\":[{\"@type\":\"ReadAction\",\"target\":[\"https:\\\/\\\/www.somospopular.com.br\\\/consultorios-e-clinicas\\\/dicio\\\/com-quantas-semanas-e-possivel-ouvir-o-coracao-do-bebe\\\/\"]}]},{\"@type\":\"BreadcrumbList\",\"@id\":\"https:\\\/\\\/www.somospopular.com.br\\\/consultorios-e-clinicas\\\/dicio\\\/com-quantas-semanas-e-possivel-ouvir-o-coracao-do-bebe\\\/#breadcrumb\",\"itemListElement\":[{\"@type\":\"ListItem\",\"position\":1,\"name\":\"In\u00edcio\",\"item\":\"https:\\\/\\\/www.somospopular.com.br\\\/consultorios-e-clinicas\\\/\"},{\"@type\":\"ListItem\",\"position\":2,\"name\":\"Base de Dados\",\"item\":\"https:\\\/\\\/www.somospopular.com.br\\\/consultorios-e-clinicas\\\/dicio\\\/\"},{\"@type\":\"ListItem\",\"position\":3,\"name\":\"Com quantas semanas \u00e9 poss\u00edvel ouvir o cora\u00e7\u00e3o do beb\u00ea?\"}]},{\"@type\":\"WebSite\",\"@id\":\"https:\\\/\\\/www.somospopular.com.br\\\/consultorios-e-clinicas\\\/#website\",\"url\":\"https:\\\/\\\/www.somospopular.com.br\\\/consultorios-e-clinicas\\\/\",\"name\":\"Consult\u00f3rios e Cl\u00ednicas - Somos Popular\",\"description\":\"Somos Popular\",\"publisher\":{\"@id\":\"https:\\\/\\\/www.somospopular.com.br\\\/consultorios-e-clinicas\\\/#organization\"},\"alternateName\":\"Somos Popular\",\"potentialAction\":[{\"@type\":\"SearchAction\",\"target\":{\"@type\":\"EntryPoint\",\"urlTemplate\":\"https:\\\/\\\/www.somospopular.com.br\\\/consultorios-e-clinicas\\\/?s={search_term_string}\"},\"query-input\":{\"@type\":\"PropertyValueSpecification\",\"valueRequired\":true,\"valueName\":\"search_term_string\"}}],\"inLanguage\":\"pt-BR\"},{\"@type\":\"Organization\",\"@id\":\"https:\\\/\\\/www.somospopular.com.br\\\/consultorios-e-clinicas\\\/#organization\",\"name\":\"Consult\u00f3rios e Cl\u00ednicas - Somos Popular\",\"url\":\"https:\\\/\\\/www.somospopular.com.br\\\/consultorios-e-clinicas\\\/\",\"logo\":{\"@type\":\"ImageObject\",\"inLanguage\":\"pt-BR\",\"@id\":\"https:\\\/\\\/www.somospopular.com.br\\\/consultorios-e-clinicas\\\/#\\\/schema\\\/logo\\\/image\\\/\",\"url\":\"https:\\\/\\\/www.somospopular.com.br\\\/consultorios-e-clinicas\\\/wp-content\\\/uploads\\\/sites\\\/2\\\/2022\\\/05\\\/somos-popular-logo-80.webp\",\"contentUrl\":\"https:\\\/\\\/www.somospopular.com.br\\\/consultorios-e-clinicas\\\/wp-content\\\/uploads\\\/sites\\\/2\\\/2022\\\/05\\\/somos-popular-logo-80.webp\",\"width\":325,\"height\":80,\"caption\":\"Consult\u00f3rios e Cl\u00ednicas - Somos Popular\"},\"image\":{\"@id\":\"https:\\\/\\\/www.somospopular.com.br\\\/consultorios-e-clinicas\\\/#\\\/schema\\\/logo\\\/image\\\/\"}}]}<\/script>\n<!-- \/ Yoast SEO Premium plugin. -->","yoast_head_json":{"title":"Com quantas semanas \u00e9 poss\u00edvel ouvir o cora\u00e7\u00e3o do beb\u00ea? - Consult\u00f3rios e Cl\u00ednicas","description":"Com quantas semanas \u00e9 poss\u00edvel ouvir o cora\u00e7\u00e3o do beb\u00ea? . D\u00favidas frequentes Sa\u00fade para Todos. Consult\u00f3rios e Cl\u00ednicas","robots":{"index":"index","follow":"follow","max-snippet":"max-snippet:-1","max-image-preview":"max-image-preview:large","max-video-preview":"max-video-preview:-1"},"canonical":"https:\/\/www.somospopular.com.br\/consultorios-e-clinicas\/dicio\/com-quantas-semanas-e-possivel-ouvir-o-coracao-do-bebe\/","og_locale":"pt_BR","og_type":"article","og_title":"Com quantas semanas \u00e9 poss\u00edvel ouvir o cora\u00e7\u00e3o do beb\u00ea?","og_description":"Com quantas semanas \u00e9 poss\u00edvel ouvir o cora\u00e7\u00e3o do beb\u00ea? . D\u00favidas frequentes Sa\u00fade para Todos. Consult\u00f3rios e Cl\u00ednicas","og_url":"https:\/\/www.somospopular.com.br\/consultorios-e-clinicas\/dicio\/com-quantas-semanas-e-possivel-ouvir-o-coracao-do-bebe\/","og_site_name":"Consult\u00f3rios e Cl\u00ednicas","twitter_card":"summary_large_image","schema":{"@context":"https:\/\/schema.org","@graph":[{"@type":"WebPage","@id":"https:\/\/www.somospopular.com.br\/consultorios-e-clinicas\/dicio\/com-quantas-semanas-e-possivel-ouvir-o-coracao-do-bebe\/","url":"https:\/\/www.somospopular.com.br\/consultorios-e-clinicas\/dicio\/com-quantas-semanas-e-possivel-ouvir-o-coracao-do-bebe\/","name":"Com quantas semanas \u00e9 poss\u00edvel ouvir o cora\u00e7\u00e3o do beb\u00ea? - Consult\u00f3rios e Cl\u00ednicas","isPartOf":{"@id":"https:\/\/www.somospopular.com.br\/consultorios-e-clinicas\/#website"},"datePublished":"2022-03-22T18:22:51+00:00","description":"Com quantas semanas \u00e9 poss\u00edvel ouvir o cora\u00e7\u00e3o do beb\u00ea? . D\u00favidas frequentes Sa\u00fade para Todos. Consult\u00f3rios e Cl\u00ednicas","breadcrumb":{"@id":"https:\/\/www.somospopular.com.br\/consultorios-e-clinicas\/dicio\/com-quantas-semanas-e-possivel-ouvir-o-coracao-do-bebe\/#breadcrumb"},"inLanguage":"pt-BR","potentialAction":[{"@type":"ReadAction","target":["https:\/\/www.somospopular.com.br\/consultorios-e-clinicas\/dicio\/com-quantas-semanas-e-possivel-ouvir-o-coracao-do-bebe\/"]}]},{"@type":"BreadcrumbList","@id":"https:\/\/www.somospopular.com.br\/consultorios-e-clinicas\/dicio\/com-quantas-semanas-e-possivel-ouvir-o-coracao-do-bebe\/#breadcrumb","itemListElement":[{"@type":"ListItem","position":1,"name":"In\u00edcio","item":"https:\/\/www.somospopular.com.br\/consultorios-e-clinicas\/"},{"@type":"ListItem","position":2,"name":"Base de Dados","item":"https:\/\/www.somospopular.com.br\/consultorios-e-clinicas\/dicio\/"},{"@type":"ListItem","position":3,"name":"Com quantas semanas \u00e9 poss\u00edvel ouvir o cora\u00e7\u00e3o do beb\u00ea?"}]},{"@type":"WebSite","@id":"https:\/\/www.somospopular.com.br\/consultorios-e-clinicas\/#website","url":"https:\/\/www.somospopular.com.br\/consultorios-e-clinicas\/","name":"Consult\u00f3rios e Cl\u00ednicas - Somos Popular","description":"Somos Popular","publisher":{"@id":"https:\/\/www.somospopular.com.br\/consultorios-e-clinicas\/#organization"},"alternateName":"Somos Popular","potentialAction":[{"@type":"SearchAction","target":{"@type":"EntryPoint","urlTemplate":"https:\/\/www.somospopular.com.br\/consultorios-e-clinicas\/?s={search_term_string}"},"query-input":{"@type":"PropertyValueSpecification","valueRequired":true,"valueName":"search_term_string"}}],"inLanguage":"pt-BR"},{"@type":"Organization","@id":"https:\/\/www.somospopular.com.br\/consultorios-e-clinicas\/#organization","name":"Consult\u00f3rios e Cl\u00ednicas - Somos Popular","url":"https:\/\/www.somospopular.com.br\/consultorios-e-clinicas\/","logo":{"@type":"ImageObject","inLanguage":"pt-BR","@id":"https:\/\/www.somospopular.com.br\/consultorios-e-clinicas\/#\/schema\/logo\/image\/","url":"https:\/\/www.somospopular.com.br\/consultorios-e-clinicas\/wp-content\/uploads\/sites\/2\/2022\/05\/somos-popular-logo-80.webp","contentUrl":"https:\/\/www.somospopular.com.br\/consultorios-e-clinicas\/wp-content\/uploads\/sites\/2\/2022\/05\/somos-popular-logo-80.webp","width":325,"height":80,"caption":"Consult\u00f3rios e Cl\u00ednicas - Somos Popular"},"image":{"@id":"https:\/\/www.somospopular.com.br\/consultorios-e-clinicas\/#\/schema\/logo\/image\/"}}]}},"_links":{"self":[{"href":"https:\/\/www.somospopular.com.br\/consultorios-e-clinicas\/wp-json\/wp\/v2\/dicio\/215252","targetHints":{"allow":["GET"]}}],"collection":[{"href":"https:\/\/www.somospopular.com.br\/consultorios-e-clinicas\/wp-json\/wp\/v2\/dicio"}],"about":[{"href":"https:\/\/www.somospopular.com.br\/consultorios-e-clinicas\/wp-json\/wp\/v2\/types\/dicio"}],"wp:attachment":[{"href":"https:\/\/www.somospopular.com.br\/consultorios-e-clinicas\/wp-json\/wp\/v2\/media?parent=215252"}],"curies":[{"name":"wp","href":"https:\/\/api.w.org\/{rel}","templated":true}]}}

Com quantas semanas é possível ouvir o coração do bebê?

<p>É possível ouvir o coração do bebê cerca de 22 dias após a concepção, ou seja, por volta da quinta semana após a última menstruação, através de um Doppler fetal, ultrassom vaginal e abdominal ou um fetoscópio.</p>

<!-- This site is optimized with the Yoast SEO Premium plugin v20.9 (Yoast SEO v27.4) - https://yoast.com/product/yoast-seo-premium-wordpress/ -->
<title>Com quantas semanas é possível ouvir o coração do bebê? - Consultórios e Clínicas</title>
<meta name="description" content="Com quantas semanas é possível ouvir o coração do bebê? . Dúvidas frequentes Saúde para Todos. Consultórios e Clínicas" />
<meta name="robots" content="index, follow, max-snippet:-1, max-image-preview:large, max-video-preview:-1" />
<link rel="canonical" href="https://www.somospopular.com.br/consultorios-e-clinicas/dicio/com-quantas-semanas-e-possivel-ouvir-o-coracao-do-bebe/" />
<meta property="og:locale" content="pt_BR" />
<meta property="og:type" content="article" />
<meta property="og:title" content="Com quantas semanas é possível ouvir o coração do bebê?" />
<meta property="og:description" content="Com quantas semanas é possível ouvir o coração do bebê? . Dúvidas frequentes Saúde para Todos. Consultórios e Clínicas" />
<meta property="og:url" content="https://www.somospopular.com.br/consultorios-e-clinicas/dicio/com-quantas-semanas-e-possivel-ouvir-o-coracao-do-bebe/" />
<meta property="og:site_name" content="Consultórios e Clínicas" />
<meta name="twitter:card" content="summary_large_image" />
<script type="application/ld+json" class="yoast-schema-graph">{"@context":"https:\/\/schema.org","@graph":[{"@type":"WebPage","@id":"https:\/\/www.somospopular.com.br\/consultorios-e-clinicas\/dicio\/com-quantas-semanas-e-possivel-ouvir-o-coracao-do-bebe\/","url":"https:\/\/www.somospopular.com.br\/consultorios-e-clinicas\/dicio\/com-quantas-semanas-e-possivel-ouvir-o-coracao-do-bebe\/","name":"Com quantas semanas é possível ouvir o coração do bebê? - Consultórios e Clínicas","isPartOf":{"@id":"https:\/\/www.somospopular.com.br\/consultorios-e-clinicas\/#website"},"datePublished":"2022-03-22T18:22:51+00:00","description":"Com quantas semanas é possível ouvir o coração do bebê? . Dúvidas frequentes Saúde para Todos. Consultórios e Clínicas","breadcrumb":{"@id":"https:\/\/www.somospopular.com.br\/consultorios-e-clinicas\/dicio\/com-quantas-semanas-e-possivel-ouvir-o-coracao-do-bebe\/#breadcrumb"},"inLanguage":"pt-BR","potentialAction":[{"@type":"ReadAction","target":["https:\/\/www.somospopular.com.br\/consultorios-e-clinicas\/dicio\/com-quantas-semanas-e-possivel-ouvir-o-coracao-do-bebe\/"]}]},{"@type":"BreadcrumbList","@id":"https:\/\/www.somospopular.com.br\/consultorios-e-clinicas\/dicio\/com-quantas-semanas-e-possivel-ouvir-o-coracao-do-bebe\/#breadcrumb","itemListElement":[{"@type":"ListItem","position":1,"name":"Início","item":"https:\/\/www.somospopular.com.br\/consultorios-e-clinicas\/"},{"@type":"ListItem","position":2,"name":"Base de Dados","item":"https:\/\/www.somospopular.com.br\/consultorios-e-clinicas\/dicio\/"},{"@type":"ListItem","position":3,"name":"Com quantas semanas é possível ouvir o coração do bebê?"}]},{"@type":"WebSite","@id":"https:\/\/www.somospopular.com.br\/consultorios-e-clinicas\/#website","url":"https:\/\/www.somospopular.com.br\/consultorios-e-clinicas\/","name":"Consultórios e Clínicas - Somos Popular","description":"Somos Popular","publisher":{"@id":"https:\/\/www.somospopular.com.br\/consultorios-e-clinicas\/#organization"},"alternateName":"Somos Popular","potentialAction":[{"@type":"SearchAction","target":{"@type":"EntryPoint","urlTemplate":"https:\/\/www.somospopular.com.br\/consultorios-e-clinicas\/?s={search_term_string}"},"query-input":{"@type":"PropertyValueSpecification","valueRequired":true,"valueName":"search_term_string"}}],"inLanguage":"pt-BR"},{"@type":"Organization","@id":"https:\/\/www.somospopular.com.br\/consultorios-e-clinicas\/#organization","name":"Consultórios e Clínicas - Somos Popular","url":"https:\/\/www.somospopular.com.br\/consultorios-e-clinicas\/","logo":{"@type":"ImageObject","inLanguage":"pt-BR","@id":"https:\/\/www.somospopular.com.br\/consultorios-e-clinicas\/#\/schema\/logo\/image\/","url":"https:\/\/www.somospopular.com.br\/consultorios-e-clinicas\/wp-content\/uploads\/sites\/2\/2022\/05\/somos-popular-logo-80.webp","contentUrl":"https:\/\/www.somospopular.com.br\/consultorios-e-clinicas\/wp-content\/uploads\/sites\/2\/2022\/05\/somos-popular-logo-80.webp","width":325,"height":80,"caption":"Consultórios e Clínicas - Somos Popular"},"image":{"@id":"https:\/\/www.somospopular.com.br\/consultorios-e-clinicas\/#\/schema\/logo\/image\/"}}]}</script>
<!-- / Yoast SEO Premium plugin. -->

Com quantas semanas é possível ouvir o coração do bebê? - Consultórios e Clínicas

Com quantas semanas é possível ouvir o coração do bebê? . Dúvidas frequentes Saúde para Todos. Consultórios e Clínicas

Consultórios e Clínicas

Início

Consultórios e Clínicas - Somos Popular
