{"id":37087,"date":"2021-10-02T21:17:12","date_gmt":"2021-10-03T00:17:12","guid":{"rendered":"https:\/\/www.somospopular.com.br\/dicio\/afasia-o-que-e\/"},"modified":"2021-10-02T21:17:12","modified_gmt":"2021-10-03T00:17:12","slug":"afasia-o-que-e","status":"publish","type":"dicio","link":"https:\/\/www.somospopular.com.br\/consultorios-e-clinicas\/dicio\/afasia-o-que-e\/","title":{"rendered":"Afasia &#8211; O que \u00e9"},"content":{"rendered":"<p>\u00c9 um dist\u00farbio da comunica\u00e7\u00e3o adquirido que interfere na capacidade de processamento da linguagem, sem afetar a intelig\u00eancia. Prejudica a fala e a compreens\u00e3o de outras pessoas e, em muitos casos, tamb\u00e9m compromete a leitura e a escrita.<\/p>\n<p>A causa mais comum \u00e9 um acidente vascular cerebral\u00a0(AVC) (cerca de 25% a 40% das pessoas com acidente vascular cerebral apresentam este transtorno). Outras origens comuns s\u00e3o os traumatismos cr\u00e2nio-encef\u00e1licos, tumores cerebrais ou problemas neurol\u00f3gicos. Portanto, na afasia, como resultado de uma les\u00e3o cerebral, uma ou mais partes do uso da linguagem deixam de funcionar apropriadamente.<\/p>\n<p>\u00c9 uma das sequelas mais incapacitantes de um AVC\u00a0sendo dif\u00edcil para o doente e para a sua fam\u00edlia a adapta\u00e7\u00e3o a esta situa\u00e7\u00e3o. Obriga a modifica\u00e7\u00f5es dram\u00e1ticas a n\u00edvel profissional, social e econ\u00f3mico, e gera dificuldades de comunica\u00e7\u00e3o e dist\u00farbios emocionais por vezes graves. Por outro lado, tem um forte impacto na no\u00e7\u00e3o de identidade, na autoestima e nas rela\u00e7\u00f5es interpessoais e sociais, gerando depress\u00e3o, limita\u00e7\u00e3o f\u00edsica e isolamento. Pode ainda associar-se a dificuldades nas a\u00e7\u00f5es quotidianas, na observa\u00e7\u00e3o dos arredores, na concentra\u00e7\u00e3o, na iniciativa para falar, na mem\u00f3ria e pode causar incapacidade para fazer duas coisas simultaneamente.<\/p>\n<p>N\u00e3o existem duas pessoas que sofram de afasia do mesmo modo. A sua gravidade e extens\u00e3o dependem, entre outras coisas, da localiza\u00e7\u00e3o e da magnitude da les\u00e3o cerebral, da compet\u00eancia lingu\u00edstica anterior e da personalidade do indiv\u00edduo. Alguns podem entender a linguagem, mas t\u00eam problemas para encontrar as palavras certas ou para construir frases. Outros tendem a falar em demasia, mas o que dizem \u00e9 dif\u00edcil de compreens\u00e3o.<\/p>\n<p>Esta patologia afeta em torno de um milh\u00e3o de norte-americanos, sendo mais comum do que a doen\u00e7a de Parkinson, a paralisia cerebral ou a distrofia muscular. Mais de 100 mil norte-americanos adquirem este transtorno anualmente.\u00a0<\/p>\n<p>\u00c9 um dist\u00farbio muito comum em pessoas idosas mas pode ocorrer em qualquer idade, independentemente do g\u00e9nero ou ra\u00e7a. A sua identifica\u00e7\u00e3o \u00e9 muito importante porque tende a ser um fator de isolamento social e familiar, dadas as dificuldades de comunica\u00e7\u00e3o que origina. Como muitas profiss\u00f5es requerem capacidades de linguagem e fala, a afasia pode prejudicar o exerc\u00edcio pleno do trabalho. As pessoas com patologia leve e moderada conseguem retornar ao emprego, mas podem ter as suas fun\u00e7\u00f5es ou ocupa\u00e7\u00f5es adaptadas. Em Portugal n\u00e3o existem dados sobre a sua incid\u00eancia mas estima-se que cerca de 50% dos sobreviventes de um acidente vascular apresentem dificuldades de comunica\u00e7\u00e3o.<\/p>\n","protected":false},"template":"","class_list":["post-37087","dicio","type-dicio","status-publish","hentry"],"yoast_head":"<!-- This site is optimized with the Yoast SEO Premium plugin v20.9 (Yoast SEO v27.4) - https:\/\/yoast.com\/product\/yoast-seo-premium-wordpress\/ -->\n<title>Afasia - O que \u00e9 - Consult\u00f3rios e Cl\u00ednicas<\/title>\n<meta name=\"description\" content=\"Afasia - O que \u00e9 . D\u00favidas frequentes Sa\u00fade para Todos. Consult\u00f3rios e Cl\u00ednicas\" \/>\n<meta name=\"robots\" content=\"index, follow, max-snippet:-1, max-image-preview:large, max-video-preview:-1\" \/>\n<link rel=\"canonical\" href=\"https:\/\/www.somospopular.com.br\/consultorios-e-clinicas\/dicio\/afasia-o-que-e\/\" \/>\n<meta property=\"og:locale\" content=\"pt_BR\" \/>\n<meta property=\"og:type\" content=\"article\" \/>\n<meta property=\"og:title\" content=\"Afasia - O que \u00e9\" \/>\n<meta property=\"og:description\" content=\"Afasia - O que \u00e9 . D\u00favidas frequentes Sa\u00fade para Todos. Consult\u00f3rios e Cl\u00ednicas\" \/>\n<meta property=\"og:url\" content=\"https:\/\/www.somospopular.com.br\/consultorios-e-clinicas\/dicio\/afasia-o-que-e\/\" \/>\n<meta property=\"og:site_name\" content=\"Consult\u00f3rios e Cl\u00ednicas\" \/>\n<meta name=\"twitter:card\" content=\"summary_large_image\" \/>\n<meta name=\"twitter:label1\" content=\"Est. tempo de leitura\" \/>\n\t<meta name=\"twitter:data1\" content=\"2 minutos\" \/>\n<script type=\"application\/ld+json\" class=\"yoast-schema-graph\">{\"@context\":\"https:\\\/\\\/schema.org\",\"@graph\":[{\"@type\":\"WebPage\",\"@id\":\"https:\\\/\\\/www.somospopular.com.br\\\/consultorios-e-clinicas\\\/dicio\\\/afasia-o-que-e\\\/\",\"url\":\"https:\\\/\\\/www.somospopular.com.br\\\/consultorios-e-clinicas\\\/dicio\\\/afasia-o-que-e\\\/\",\"name\":\"Afasia - O que \u00e9 - Consult\u00f3rios e Cl\u00ednicas\",\"isPartOf\":{\"@id\":\"https:\\\/\\\/www.somospopular.com.br\\\/consultorios-e-clinicas\\\/#website\"},\"datePublished\":\"2021-10-03T00:17:12+00:00\",\"description\":\"Afasia - O que \u00e9 . D\u00favidas frequentes Sa\u00fade para Todos. Consult\u00f3rios e Cl\u00ednicas\",\"breadcrumb\":{\"@id\":\"https:\\\/\\\/www.somospopular.com.br\\\/consultorios-e-clinicas\\\/dicio\\\/afasia-o-que-e\\\/#breadcrumb\"},\"inLanguage\":\"pt-BR\",\"potentialAction\":[{\"@type\":\"ReadAction\",\"target\":[\"https:\\\/\\\/www.somospopular.com.br\\\/consultorios-e-clinicas\\\/dicio\\\/afasia-o-que-e\\\/\"]}]},{\"@type\":\"BreadcrumbList\",\"@id\":\"https:\\\/\\\/www.somospopular.com.br\\\/consultorios-e-clinicas\\\/dicio\\\/afasia-o-que-e\\\/#breadcrumb\",\"itemListElement\":[{\"@type\":\"ListItem\",\"position\":1,\"name\":\"In\u00edcio\",\"item\":\"https:\\\/\\\/www.somospopular.com.br\\\/consultorios-e-clinicas\\\/\"},{\"@type\":\"ListItem\",\"position\":2,\"name\":\"Base de Dados\",\"item\":\"https:\\\/\\\/www.somospopular.com.br\\\/consultorios-e-clinicas\\\/dicio\\\/\"},{\"@type\":\"ListItem\",\"position\":3,\"name\":\"Afasia &#8211; O que \u00e9\"}]},{\"@type\":\"WebSite\",\"@id\":\"https:\\\/\\\/www.somospopular.com.br\\\/consultorios-e-clinicas\\\/#website\",\"url\":\"https:\\\/\\\/www.somospopular.com.br\\\/consultorios-e-clinicas\\\/\",\"name\":\"Consult\u00f3rios e Cl\u00ednicas - Somos Popular\",\"description\":\"Somos Popular\",\"publisher\":{\"@id\":\"https:\\\/\\\/www.somospopular.com.br\\\/consultorios-e-clinicas\\\/#organization\"},\"alternateName\":\"Somos Popular\",\"potentialAction\":[{\"@type\":\"SearchAction\",\"target\":{\"@type\":\"EntryPoint\",\"urlTemplate\":\"https:\\\/\\\/www.somospopular.com.br\\\/consultorios-e-clinicas\\\/?s={search_term_string}\"},\"query-input\":{\"@type\":\"PropertyValueSpecification\",\"valueRequired\":true,\"valueName\":\"search_term_string\"}}],\"inLanguage\":\"pt-BR\"},{\"@type\":\"Organization\",\"@id\":\"https:\\\/\\\/www.somospopular.com.br\\\/consultorios-e-clinicas\\\/#organization\",\"name\":\"Consult\u00f3rios e Cl\u00ednicas - Somos Popular\",\"url\":\"https:\\\/\\\/www.somospopular.com.br\\\/consultorios-e-clinicas\\\/\",\"logo\":{\"@type\":\"ImageObject\",\"inLanguage\":\"pt-BR\",\"@id\":\"https:\\\/\\\/www.somospopular.com.br\\\/consultorios-e-clinicas\\\/#\\\/schema\\\/logo\\\/image\\\/\",\"url\":\"https:\\\/\\\/www.somospopular.com.br\\\/consultorios-e-clinicas\\\/wp-content\\\/uploads\\\/sites\\\/2\\\/2022\\\/05\\\/somos-popular-logo-80.webp\",\"contentUrl\":\"https:\\\/\\\/www.somospopular.com.br\\\/consultorios-e-clinicas\\\/wp-content\\\/uploads\\\/sites\\\/2\\\/2022\\\/05\\\/somos-popular-logo-80.webp\",\"width\":325,\"height\":80,\"caption\":\"Consult\u00f3rios e Cl\u00ednicas - Somos Popular\"},\"image\":{\"@id\":\"https:\\\/\\\/www.somospopular.com.br\\\/consultorios-e-clinicas\\\/#\\\/schema\\\/logo\\\/image\\\/\"}}]}<\/script>\n<!-- \/ Yoast SEO Premium plugin. -->","yoast_head_json":{"title":"Afasia - O que \u00e9 - Consult\u00f3rios e Cl\u00ednicas","description":"Afasia - O que \u00e9 . D\u00favidas frequentes Sa\u00fade para Todos. Consult\u00f3rios e Cl\u00ednicas","robots":{"index":"index","follow":"follow","max-snippet":"max-snippet:-1","max-image-preview":"max-image-preview:large","max-video-preview":"max-video-preview:-1"},"canonical":"https:\/\/www.somospopular.com.br\/consultorios-e-clinicas\/dicio\/afasia-o-que-e\/","og_locale":"pt_BR","og_type":"article","og_title":"Afasia - O que \u00e9","og_description":"Afasia - O que \u00e9 . D\u00favidas frequentes Sa\u00fade para Todos. Consult\u00f3rios e Cl\u00ednicas","og_url":"https:\/\/www.somospopular.com.br\/consultorios-e-clinicas\/dicio\/afasia-o-que-e\/","og_site_name":"Consult\u00f3rios e Cl\u00ednicas","twitter_card":"summary_large_image","twitter_misc":{"Est. tempo de leitura":"2 minutos"},"schema":{"@context":"https:\/\/schema.org","@graph":[{"@type":"WebPage","@id":"https:\/\/www.somospopular.com.br\/consultorios-e-clinicas\/dicio\/afasia-o-que-e\/","url":"https:\/\/www.somospopular.com.br\/consultorios-e-clinicas\/dicio\/afasia-o-que-e\/","name":"Afasia - O que \u00e9 - Consult\u00f3rios e Cl\u00ednicas","isPartOf":{"@id":"https:\/\/www.somospopular.com.br\/consultorios-e-clinicas\/#website"},"datePublished":"2021-10-03T00:17:12+00:00","description":"Afasia - O que \u00e9 . D\u00favidas frequentes Sa\u00fade para Todos. Consult\u00f3rios e Cl\u00ednicas","breadcrumb":{"@id":"https:\/\/www.somospopular.com.br\/consultorios-e-clinicas\/dicio\/afasia-o-que-e\/#breadcrumb"},"inLanguage":"pt-BR","potentialAction":[{"@type":"ReadAction","target":["https:\/\/www.somospopular.com.br\/consultorios-e-clinicas\/dicio\/afasia-o-que-e\/"]}]},{"@type":"BreadcrumbList","@id":"https:\/\/www.somospopular.com.br\/consultorios-e-clinicas\/dicio\/afasia-o-que-e\/#breadcrumb","itemListElement":[{"@type":"ListItem","position":1,"name":"In\u00edcio","item":"https:\/\/www.somospopular.com.br\/consultorios-e-clinicas\/"},{"@type":"ListItem","position":2,"name":"Base de Dados","item":"https:\/\/www.somospopular.com.br\/consultorios-e-clinicas\/dicio\/"},{"@type":"ListItem","position":3,"name":"Afasia &#8211; O que \u00e9"}]},{"@type":"WebSite","@id":"https:\/\/www.somospopular.com.br\/consultorios-e-clinicas\/#website","url":"https:\/\/www.somospopular.com.br\/consultorios-e-clinicas\/","name":"Consult\u00f3rios e Cl\u00ednicas - Somos Popular","description":"Somos Popular","publisher":{"@id":"https:\/\/www.somospopular.com.br\/consultorios-e-clinicas\/#organization"},"alternateName":"Somos Popular","potentialAction":[{"@type":"SearchAction","target":{"@type":"EntryPoint","urlTemplate":"https:\/\/www.somospopular.com.br\/consultorios-e-clinicas\/?s={search_term_string}"},"query-input":{"@type":"PropertyValueSpecification","valueRequired":true,"valueName":"search_term_string"}}],"inLanguage":"pt-BR"},{"@type":"Organization","@id":"https:\/\/www.somospopular.com.br\/consultorios-e-clinicas\/#organization","name":"Consult\u00f3rios e Cl\u00ednicas - Somos Popular","url":"https:\/\/www.somospopular.com.br\/consultorios-e-clinicas\/","logo":{"@type":"ImageObject","inLanguage":"pt-BR","@id":"https:\/\/www.somospopular.com.br\/consultorios-e-clinicas\/#\/schema\/logo\/image\/","url":"https:\/\/www.somospopular.com.br\/consultorios-e-clinicas\/wp-content\/uploads\/sites\/2\/2022\/05\/somos-popular-logo-80.webp","contentUrl":"https:\/\/www.somospopular.com.br\/consultorios-e-clinicas\/wp-content\/uploads\/sites\/2\/2022\/05\/somos-popular-logo-80.webp","width":325,"height":80,"caption":"Consult\u00f3rios e Cl\u00ednicas - Somos Popular"},"image":{"@id":"https:\/\/www.somospopular.com.br\/consultorios-e-clinicas\/#\/schema\/logo\/image\/"}}]}},"_links":{"self":[{"href":"https:\/\/www.somospopular.com.br\/consultorios-e-clinicas\/wp-json\/wp\/v2\/dicio\/37087","targetHints":{"allow":["GET"]}}],"collection":[{"href":"https:\/\/www.somospopular.com.br\/consultorios-e-clinicas\/wp-json\/wp\/v2\/dicio"}],"about":[{"href":"https:\/\/www.somospopular.com.br\/consultorios-e-clinicas\/wp-json\/wp\/v2\/types\/dicio"}],"wp:attachment":[{"href":"https:\/\/www.somospopular.com.br\/consultorios-e-clinicas\/wp-json\/wp\/v2\/media?parent=37087"}],"curies":[{"name":"wp","href":"https:\/\/api.w.org\/{rel}","templated":true}]}}

Afasia &#8211; O que é

<p>É um distúrbio da comunicação adquirido que interfere na capacidade de processamento da linguagem, sem afetar a inteligência. Prejudica a fala e a compreensão de outras pessoas e, em muitos casos, também compromete a leitura e a escrita.</p>
<p>A causa mais comum é um acidente vascular cerebral (AVC) (cerca de 25% a 40% das pessoas com acidente vascular cerebral apresentam este transtorno). Outras origens comuns são os traumatismos crânio-encefálicos, tumores cerebrais ou problemas neurológicos. Portanto, na afasia, como resultado de uma lesão cerebral, uma ou mais partes do uso da linguagem deixam de funcionar apropriadamente.</p>
<p>É uma das sequelas mais incapacitantes de um AVC sendo difícil para o doente e para a sua família a adaptação a esta situação. Obriga a modificações dramáticas a nível profissional, social e económico, e gera dificuldades de comunicação e distúrbios emocionais por vezes graves. Por outro lado, tem um forte impacto na noção de identidade, na autoestima e nas relações interpessoais e sociais, gerando depressão, limitação física e isolamento. Pode ainda associar-se a dificuldades nas ações quotidianas, na observação dos arredores, na concentração, na iniciativa para falar, na memória e pode causar incapacidade para fazer duas coisas simultaneamente.</p>
<p>Não existem duas pessoas que sofram de afasia do mesmo modo. A sua gravidade e extensão dependem, entre outras coisas, da localização e da magnitude da lesão cerebral, da competência linguística anterior e da personalidade do indivíduo. Alguns podem entender a linguagem, mas têm problemas para encontrar as palavras certas ou para construir frases. Outros tendem a falar em demasia, mas o que dizem é difícil de compreensão.</p>
<p>Esta patologia afeta em torno de um milhão de norte-americanos, sendo mais comum do que a doença de Parkinson, a paralisia cerebral ou a distrofia muscular. Mais de 100 mil norte-americanos adquirem este transtorno anualmente. </p>
<p>É um distúrbio muito comum em pessoas idosas mas pode ocorrer em qualquer idade, independentemente do género ou raça. A sua identificação é muito importante porque tende a ser um fator de isolamento social e familiar, dadas as dificuldades de comunicação que origina. Como muitas profissões requerem capacidades de linguagem e fala, a afasia pode prejudicar o exercício pleno do trabalho. As pessoas com patologia leve e moderada conseguem retornar ao emprego, mas podem ter as suas funções ou ocupações adaptadas. Em Portugal não existem dados sobre a sua incidência mas estima-se que cerca de 50% dos sobreviventes de um acidente vascular apresentem dificuldades de comunicação.</p>

<!-- This site is optimized with the Yoast SEO Premium plugin v20.9 (Yoast SEO v27.4) - https://yoast.com/product/yoast-seo-premium-wordpress/ -->
<title>Afasia - O que é - Consultórios e Clínicas</title>
<meta name="description" content="Afasia - O que é . Dúvidas frequentes Saúde para Todos. Consultórios e Clínicas" />
<meta name="robots" content="index, follow, max-snippet:-1, max-image-preview:large, max-video-preview:-1" />
<link rel="canonical" href="https://www.somospopular.com.br/consultorios-e-clinicas/dicio/afasia-o-que-e/" />
<meta property="og:locale" content="pt_BR" />
<meta property="og:type" content="article" />
<meta property="og:title" content="Afasia - O que é" />
<meta property="og:description" content="Afasia - O que é . Dúvidas frequentes Saúde para Todos. Consultórios e Clínicas" />
<meta property="og:url" content="https://www.somospopular.com.br/consultorios-e-clinicas/dicio/afasia-o-que-e/" />
<meta property="og:site_name" content="Consultórios e Clínicas" />
<meta name="twitter:card" content="summary_large_image" />
<meta name="twitter:label1" content="Est. tempo de leitura" />
	<meta name="twitter:data1" content="2 minutos" />
<script type="application/ld+json" class="yoast-schema-graph">{"@context":"https:\/\/schema.org","@graph":[{"@type":"WebPage","@id":"https:\/\/www.somospopular.com.br\/consultorios-e-clinicas\/dicio\/afasia-o-que-e\/","url":"https:\/\/www.somospopular.com.br\/consultorios-e-clinicas\/dicio\/afasia-o-que-e\/","name":"Afasia - O que é - Consultórios e Clínicas","isPartOf":{"@id":"https:\/\/www.somospopular.com.br\/consultorios-e-clinicas\/#website"},"datePublished":"2021-10-03T00:17:12+00:00","description":"Afasia - O que é . Dúvidas frequentes Saúde para Todos. Consultórios e Clínicas","breadcrumb":{"@id":"https:\/\/www.somospopular.com.br\/consultorios-e-clinicas\/dicio\/afasia-o-que-e\/#breadcrumb"},"inLanguage":"pt-BR","potentialAction":[{"@type":"ReadAction","target":["https:\/\/www.somospopular.com.br\/consultorios-e-clinicas\/dicio\/afasia-o-que-e\/"]}]},{"@type":"BreadcrumbList","@id":"https:\/\/www.somospopular.com.br\/consultorios-e-clinicas\/dicio\/afasia-o-que-e\/#breadcrumb","itemListElement":[{"@type":"ListItem","position":1,"name":"Início","item":"https:\/\/www.somospopular.com.br\/consultorios-e-clinicas\/"},{"@type":"ListItem","position":2,"name":"Base de Dados","item":"https:\/\/www.somospopular.com.br\/consultorios-e-clinicas\/dicio\/"},{"@type":"ListItem","position":3,"name":"Afasia &#8211; O que é"}]},{"@type":"WebSite","@id":"https:\/\/www.somospopular.com.br\/consultorios-e-clinicas\/#website","url":"https:\/\/www.somospopular.com.br\/consultorios-e-clinicas\/","name":"Consultórios e Clínicas - Somos Popular","description":"Somos Popular","publisher":{"@id":"https:\/\/www.somospopular.com.br\/consultorios-e-clinicas\/#organization"},"alternateName":"Somos Popular","potentialAction":[{"@type":"SearchAction","target":{"@type":"EntryPoint","urlTemplate":"https:\/\/www.somospopular.com.br\/consultorios-e-clinicas\/?s={search_term_string}"},"query-input":{"@type":"PropertyValueSpecification","valueRequired":true,"valueName":"search_term_string"}}],"inLanguage":"pt-BR"},{"@type":"Organization","@id":"https:\/\/www.somospopular.com.br\/consultorios-e-clinicas\/#organization","name":"Consultórios e Clínicas - Somos Popular","url":"https:\/\/www.somospopular.com.br\/consultorios-e-clinicas\/","logo":{"@type":"ImageObject","inLanguage":"pt-BR","@id":"https:\/\/www.somospopular.com.br\/consultorios-e-clinicas\/#\/schema\/logo\/image\/","url":"https:\/\/www.somospopular.com.br\/consultorios-e-clinicas\/wp-content\/uploads\/sites\/2\/2022\/05\/somos-popular-logo-80.webp","contentUrl":"https:\/\/www.somospopular.com.br\/consultorios-e-clinicas\/wp-content\/uploads\/sites\/2\/2022\/05\/somos-popular-logo-80.webp","width":325,"height":80,"caption":"Consultórios e Clínicas - Somos Popular"},"image":{"@id":"https:\/\/www.somospopular.com.br\/consultorios-e-clinicas\/#\/schema\/logo\/image\/"}}]}</script>
<!-- / Yoast SEO Premium plugin. -->

Afasia - O que é - Consultórios e Clínicas

Afasia - O que é . Dúvidas frequentes Saúde para Todos. Consultórios e Clínicas

Afasia - O que é

Consultórios e Clínicas

Início

Consultórios e Clínicas - Somos Popular
