{"id":165586,"date":"2020-03-25T06:20:12","date_gmt":"2020-03-25T09:20:12","guid":{"rendered":"https:\/\/www.somospopular.com.br\/especialistas\/dr-breno-de-magalhaes-enfermeiro-em-rj\/"},"modified":"2023-05-20T14:24:22","modified_gmt":"2023-05-20T17:24:22","slug":"dr-breno-de-magalhaes-enfermeiro-em-rio-de-janeiro-rj","status":"publish","type":"negocio","link":"https:\/\/www.somospopular.com.br\/especialistas\/dr-breno-de-magalhaes-enfermeiro-em-rio-de-janeiro-rj\/","title":{"rendered":"Dr. Breno de Magalh\u00e3es &#8211; Enfermeiro Rio De Janeiro &#8211; RJ"},"content":{"rendered":"<p>Sou enfermeiro formado pela UFRJ, com p\u00f3s-gradua\u00e7\u00e3o em sa\u00fade mental pela Universidade Candido Mendes e Pr\u00e1ticas Integrativas pela Faculdade Serra Geral. Minha atividade possue enfoque na sa\u00fade integrativa, atividade que compreende um conjunto de pr\u00e1ticas terap\u00eauticas que entende o paciente como um todo, considerando seus aspectos f\u00edsico, metal, emocional e espiritual.<br \/>\nTais pr\u00e1ticas possuem variadas indica\u00e7\u00f5es, como controle da depress\u00e3o e ansiedade, controle da press\u00e3o alta, dores em geral, al\u00edvio dos efeitos colaterais de medicamentos, entre outros. Atualmente, sua efic\u00e1cia \u00e9 amplamente reconhecida.<br \/>\nDentre as variadas t\u00e9cnicas, atuo como Reiki Master Usui, Celestial e Reiki de s\u00e3o Francisco. Atuo tamb\u00e9m com auriculoterapia, reflexologia e cromoterapia, promovendo equil\u00edbrio emocional, energ\u00e9tico e f\u00edsico de diversas doen\u00e7as e sintomas.<br \/>\nAtendimento apenas em domic\u00edlio.<\/p>\n<h2>Enfermeiro em Rio de Janeiro &#8211; RJ<\/h2>\n<p><strong>Endere\u00e7o:<\/strong> Rua T\u00f4rres Sobrinho, Meier, Rio de Janeiro &#8211; RJ<br \/>\n<strong>CEP: <\/strong>20780-050<\/p>\n<p><span class=\"phone-hidden\"><strong>Telefone:<\/strong>  <\/span><\/p>\n<h2>Dr. Breno de Magalh\u00e3es &#8211; Enfermeiro Rio De Janeiro<\/h2>\n<p>Dr. Breno de Magalh\u00e3es, Enfermeiro em Rio De Janeiro. Agende uma consulta com os melhores profissionais de sa\u00fade em Brasil. Auriculoterapia.<\/p>\n<p><span class=\"maps-hidden\"><a href=\"https:\/\/www.google.com\/maps\/search\/?api=1&#038;query=Rua T\u00f4rres Sobrinho, Meier, Rio de Janeiro - RJ - 20780-050\" target=\"_blank\" rel=\"noopener\">COMO CHEGAR?<\/a><\/span><\/p>\n<h3 class=\"flex-grow-1 mb-0\">Experi\u00eancia<\/h3>\n<hr \/>\n<ul><\/ul>\n<hr \/>\n<p><strong>T\u00f3picos:<\/strong> Enfermeiro em Rio de Janeiro &#8211; RJ <span class=\"topic-hidden\">|   Breno de Magalh\u00e3es<\/span><\/p>\n","protected":false},"author":1,"featured_media":0,"template":"","bairro":[6744],"categoria_parceiro":[20633],"topico-parceiro":[20754],"class_list":["post-165586","negocio","type-negocio","status-publish","hentry","bairro-meier-rio-de-janeiro-rj","categoria_parceiro-enfermeiro","topico-parceiro-enfermeiro-em-rio-de-janeiro-rj"],"yoast_head":"<!-- This site is optimized with the Yoast SEO Premium plugin v20.9 (Yoast SEO v27.4) - https:\/\/yoast.com\/product\/yoast-seo-premium-wordpress\/ -->\n<title>Dr. Breno de Magalh\u00e3es - Enfermeiro Rio De Janeiro - RJ<\/title>\n<meta name=\"description\" content=\"Dr. Breno de Magalh\u00e3es, Enfermeiro em Rio De Janeiro. Agende uma consulta com os melhores profissionais de sa\u00fade em Brasil. Auriculoterapia.\" \/>\n<meta name=\"robots\" content=\"index, follow, max-snippet:-1, max-image-preview:large, max-video-preview:-1\" \/>\n<link rel=\"canonical\" href=\"https:\/\/www.somospopular.com.br\/especialistas\/dr-breno-de-magalhaes-enfermeiro-em-rio-de-janeiro-rj\/\" \/>\n<meta property=\"og:locale\" content=\"pt_BR\" \/>\n<meta property=\"og:type\" content=\"article\" \/>\n<meta property=\"og:title\" content=\"Dr. Breno de Magalh\u00e3es - Enfermeiro Rio De Janeiro - RJ\" \/>\n<meta property=\"og:description\" content=\"Dr. Breno de Magalh\u00e3es - Enfermeiro Rio De Janeiro - RJ. Cl\u00ednica Veterin\u00e1ria Popular com pre\u00e7os acess\u00edveis. Especialistas\" \/>\n<meta property=\"og:url\" content=\"https:\/\/www.somospopular.com.br\/especialistas\/dr-breno-de-magalhaes-enfermeiro-em-rio-de-janeiro-rj\/\" \/>\n<meta property=\"og:site_name\" content=\"Especialistas\" \/>\n<meta property=\"article:modified_time\" content=\"2023-05-20T17:24:22+00:00\" \/>\n<meta name=\"twitter:card\" content=\"summary_large_image\" \/>\n<meta name=\"twitter:title\" content=\"Dr. Breno de Magalh\u00e3es - Enfermeiro Rio De Janeiro - RJ\" \/>\n<meta name=\"twitter:label1\" content=\"Est. tempo de leitura\" \/>\n\t<meta name=\"twitter:data1\" content=\"1 minuto\" \/>\n<script type=\"application\/ld+json\" class=\"yoast-schema-graph\">{\"@context\":\"https:\\\/\\\/schema.org\",\"@graph\":[{\"@type\":\"WebPage\",\"@id\":\"https:\\\/\\\/www.somospopular.com.br\\\/especialistas\\\/dr-breno-de-magalhaes-enfermeiro-em-rio-de-janeiro-rj\\\/\",\"url\":\"https:\\\/\\\/www.somospopular.com.br\\\/especialistas\\\/dr-breno-de-magalhaes-enfermeiro-em-rio-de-janeiro-rj\\\/\",\"name\":\"Dr. Breno de Magalh\u00e3es - Enfermeiro Rio De Janeiro - RJ\",\"isPartOf\":{\"@id\":\"https:\\\/\\\/www.somospopular.com.br\\\/especialistas\\\/#website\"},\"datePublished\":\"2020-03-25T09:20:12+00:00\",\"dateModified\":\"2023-05-20T17:24:22+00:00\",\"description\":\"Dr. Breno de Magalh\u00e3es, Enfermeiro em Rio De Janeiro. Agende uma consulta com os melhores profissionais de sa\u00fade em Brasil. Auriculoterapia.\",\"breadcrumb\":{\"@id\":\"https:\\\/\\\/www.somospopular.com.br\\\/especialistas\\\/dr-breno-de-magalhaes-enfermeiro-em-rio-de-janeiro-rj\\\/#breadcrumb\"},\"inLanguage\":\"pt-BR\",\"potentialAction\":[{\"@type\":\"ReadAction\",\"target\":[\"https:\\\/\\\/www.somospopular.com.br\\\/especialistas\\\/dr-breno-de-magalhaes-enfermeiro-em-rio-de-janeiro-rj\\\/\"]}]},{\"@type\":\"BreadcrumbList\",\"@id\":\"https:\\\/\\\/www.somospopular.com.br\\\/especialistas\\\/dr-breno-de-magalhaes-enfermeiro-em-rio-de-janeiro-rj\\\/#breadcrumb\",\"itemListElement\":[{\"@type\":\"ListItem\",\"position\":1,\"name\":\"Especialista\",\"item\":\"https:\\\/\\\/www.somospopular.com.br\\\/especialistas\\\/\"},{\"@type\":\"ListItem\",\"position\":2,\"name\":\"Parceiros\",\"item\":\"https:\\\/\\\/www.somospopular.com.br\\\/especialistas\\\/negocio\\\/\"},{\"@type\":\"ListItem\",\"position\":3,\"name\":\"Enfermeiro\",\"item\":\"https:\\\/\\\/www.somospopular.com.br\\\/especialistas\\\/enfermeiro\\\/\"},{\"@type\":\"ListItem\",\"position\":4,\"name\":\"Dr. Breno de Magalh\u00e3es &#8211; Enfermeiro Rio De Janeiro &#8211; RJ\"}]},{\"@type\":\"WebSite\",\"@id\":\"https:\\\/\\\/www.somospopular.com.br\\\/especialistas\\\/#website\",\"url\":\"https:\\\/\\\/www.somospopular.com.br\\\/especialistas\\\/\",\"name\":\"Especialistas\",\"description\":\"Somos Popular\",\"publisher\":{\"@id\":\"https:\\\/\\\/www.somospopular.com.br\\\/especialistas\\\/#organization\"},\"potentialAction\":[{\"@type\":\"SearchAction\",\"target\":{\"@type\":\"EntryPoint\",\"urlTemplate\":\"https:\\\/\\\/www.somospopular.com.br\\\/especialistas\\\/?s={search_term_string}\"},\"query-input\":{\"@type\":\"PropertyValueSpecification\",\"valueRequired\":true,\"valueName\":\"search_term_string\"}}],\"inLanguage\":\"pt-BR\"},{\"@type\":\"Organization\",\"@id\":\"https:\\\/\\\/www.somospopular.com.br\\\/especialistas\\\/#organization\",\"name\":\"M\u00e9dicos Especialistas - Somos Popular\",\"alternateName\":\"M\u00e9dicos Especialistas\",\"url\":\"https:\\\/\\\/www.somospopular.com.br\\\/especialistas\\\/\",\"logo\":{\"@type\":\"ImageObject\",\"inLanguage\":\"pt-BR\",\"@id\":\"https:\\\/\\\/www.somospopular.com.br\\\/especialistas\\\/#\\\/schema\\\/logo\\\/image\\\/\",\"url\":\"https:\\\/\\\/www.somospopular.com.br\\\/especialistas\\\/wp-content\\\/uploads\\\/sites\\\/13\\\/2022\\\/05\\\/somos-popular-logo-80.webp\",\"contentUrl\":\"https:\\\/\\\/www.somospopular.com.br\\\/especialistas\\\/wp-content\\\/uploads\\\/sites\\\/13\\\/2022\\\/05\\\/somos-popular-logo-80.webp\",\"width\":325,\"height\":80,\"caption\":\"M\u00e9dicos Especialistas - Somos Popular\"},\"image\":{\"@id\":\"https:\\\/\\\/www.somospopular.com.br\\\/especialistas\\\/#\\\/schema\\\/logo\\\/image\\\/\"}}]}<\/script>\n<!-- \/ Yoast SEO Premium plugin. -->","yoast_head_json":{"title":"Dr. Breno de Magalh\u00e3es - Enfermeiro Rio De Janeiro - RJ","description":"Dr. Breno de Magalh\u00e3es, Enfermeiro em Rio De Janeiro. Agende uma consulta com os melhores profissionais de sa\u00fade em Brasil. Auriculoterapia.","robots":{"index":"index","follow":"follow","max-snippet":"max-snippet:-1","max-image-preview":"max-image-preview:large","max-video-preview":"max-video-preview:-1"},"canonical":"https:\/\/www.somospopular.com.br\/especialistas\/dr-breno-de-magalhaes-enfermeiro-em-rio-de-janeiro-rj\/","og_locale":"pt_BR","og_type":"article","og_title":"Dr. Breno de Magalh\u00e3es - Enfermeiro Rio De Janeiro - RJ","og_description":"Dr. Breno de Magalh\u00e3es - Enfermeiro Rio De Janeiro - RJ. Cl\u00ednica Veterin\u00e1ria Popular com pre\u00e7os acess\u00edveis. Especialistas","og_url":"https:\/\/www.somospopular.com.br\/especialistas\/dr-breno-de-magalhaes-enfermeiro-em-rio-de-janeiro-rj\/","og_site_name":"Especialistas","article_modified_time":"2023-05-20T17:24:22+00:00","twitter_card":"summary_large_image","twitter_title":"Dr. Breno de Magalh\u00e3es - Enfermeiro Rio De Janeiro - RJ","twitter_misc":{"Est. tempo de leitura":"1 minuto"},"schema":{"@context":"https:\/\/schema.org","@graph":[{"@type":"WebPage","@id":"https:\/\/www.somospopular.com.br\/especialistas\/dr-breno-de-magalhaes-enfermeiro-em-rio-de-janeiro-rj\/","url":"https:\/\/www.somospopular.com.br\/especialistas\/dr-breno-de-magalhaes-enfermeiro-em-rio-de-janeiro-rj\/","name":"Dr. Breno de Magalh\u00e3es - Enfermeiro Rio De Janeiro - RJ","isPartOf":{"@id":"https:\/\/www.somospopular.com.br\/especialistas\/#website"},"datePublished":"2020-03-25T09:20:12+00:00","dateModified":"2023-05-20T17:24:22+00:00","description":"Dr. Breno de Magalh\u00e3es, Enfermeiro em Rio De Janeiro. Agende uma consulta com os melhores profissionais de sa\u00fade em Brasil. Auriculoterapia.","breadcrumb":{"@id":"https:\/\/www.somospopular.com.br\/especialistas\/dr-breno-de-magalhaes-enfermeiro-em-rio-de-janeiro-rj\/#breadcrumb"},"inLanguage":"pt-BR","potentialAction":[{"@type":"ReadAction","target":["https:\/\/www.somospopular.com.br\/especialistas\/dr-breno-de-magalhaes-enfermeiro-em-rio-de-janeiro-rj\/"]}]},{"@type":"BreadcrumbList","@id":"https:\/\/www.somospopular.com.br\/especialistas\/dr-breno-de-magalhaes-enfermeiro-em-rio-de-janeiro-rj\/#breadcrumb","itemListElement":[{"@type":"ListItem","position":1,"name":"Especialista","item":"https:\/\/www.somospopular.com.br\/especialistas\/"},{"@type":"ListItem","position":2,"name":"Parceiros","item":"https:\/\/www.somospopular.com.br\/especialistas\/negocio\/"},{"@type":"ListItem","position":3,"name":"Enfermeiro","item":"https:\/\/www.somospopular.com.br\/especialistas\/enfermeiro\/"},{"@type":"ListItem","position":4,"name":"Dr. Breno de Magalh\u00e3es &#8211; Enfermeiro Rio De Janeiro &#8211; RJ"}]},{"@type":"WebSite","@id":"https:\/\/www.somospopular.com.br\/especialistas\/#website","url":"https:\/\/www.somospopular.com.br\/especialistas\/","name":"Especialistas","description":"Somos Popular","publisher":{"@id":"https:\/\/www.somospopular.com.br\/especialistas\/#organization"},"potentialAction":[{"@type":"SearchAction","target":{"@type":"EntryPoint","urlTemplate":"https:\/\/www.somospopular.com.br\/especialistas\/?s={search_term_string}"},"query-input":{"@type":"PropertyValueSpecification","valueRequired":true,"valueName":"search_term_string"}}],"inLanguage":"pt-BR"},{"@type":"Organization","@id":"https:\/\/www.somospopular.com.br\/especialistas\/#organization","name":"M\u00e9dicos Especialistas - Somos Popular","alternateName":"M\u00e9dicos Especialistas","url":"https:\/\/www.somospopular.com.br\/especialistas\/","logo":{"@type":"ImageObject","inLanguage":"pt-BR","@id":"https:\/\/www.somospopular.com.br\/especialistas\/#\/schema\/logo\/image\/","url":"https:\/\/www.somospopular.com.br\/especialistas\/wp-content\/uploads\/sites\/13\/2022\/05\/somos-popular-logo-80.webp","contentUrl":"https:\/\/www.somospopular.com.br\/especialistas\/wp-content\/uploads\/sites\/13\/2022\/05\/somos-popular-logo-80.webp","width":325,"height":80,"caption":"M\u00e9dicos Especialistas - Somos Popular"},"image":{"@id":"https:\/\/www.somospopular.com.br\/especialistas\/#\/schema\/logo\/image\/"}}]}},"_links":{"self":[{"href":"https:\/\/www.somospopular.com.br\/especialistas\/wp-json\/wp\/v2\/negocio\/165586","targetHints":{"allow":["GET"]}}],"collection":[{"href":"https:\/\/www.somospopular.com.br\/especialistas\/wp-json\/wp\/v2\/negocio"}],"about":[{"href":"https:\/\/www.somospopular.com.br\/especialistas\/wp-json\/wp\/v2\/types\/negocio"}],"author":[{"embeddable":true,"href":"https:\/\/www.somospopular.com.br\/especialistas\/wp-json\/wp\/v2\/users\/1"}],"wp:attachment":[{"href":"https:\/\/www.somospopular.com.br\/especialistas\/wp-json\/wp\/v2\/media?parent=165586"}],"wp:term":[{"taxonomy":"bairro","embeddable":true,"href":"https:\/\/www.somospopular.com.br\/especialistas\/wp-json\/wp\/v2\/bairro?post=165586"},{"taxonomy":"categoria_parceiro","embeddable":true,"href":"https:\/\/www.somospopular.com.br\/especialistas\/wp-json\/wp\/v2\/categoria_parceiro?post=165586"},{"taxonomy":"topico-parceiro","embeddable":true,"href":"https:\/\/www.somospopular.com.br\/especialistas\/wp-json\/wp\/v2\/topico-parceiro?post=165586"}],"curies":[{"name":"wp","href":"https:\/\/api.w.org\/{rel}","templated":true}]}}

Dr. Breno de Magalhães &#8211; Enfermeiro Rio De Janeiro &#8211; RJ

<p>Sou enfermeiro formado pela UFRJ, com pós-graduação em saúde mental pela Universidade Candido Mendes e Práticas Integrativas pela Faculdade Serra Geral. Minha atividade possue enfoque na saúde integrativa, atividade que compreende um conjunto de práticas terapêuticas que entende o paciente como um todo, considerando seus aspectos físico, metal, emocional e espiritual.<br />
Tais práticas possuem variadas indicações, como controle da depressão e ansiedade, controle da pressão alta, dores em geral, alívio dos efeitos colaterais de medicamentos, entre outros. Atualmente, sua eficácia é amplamente reconhecida.<br />
Dentre as variadas técnicas, atuo como Reiki Master Usui, Celestial e Reiki de são Francisco. Atuo também com auriculoterapia, reflexologia e cromoterapia, promovendo equilíbrio emocional, energético e físico de diversas doenças e sintomas.<br />
Atendimento apenas em domicílio.</p>
<h2>Enfermeiro em Rio de Janeiro &#8211; RJ</h2>
<p><strong>Endereço:</strong> Rua Tôrres Sobrinho, Meier, Rio de Janeiro &#8211; RJ<br />
<strong>CEP: </strong>20780-050</p>
<p><span class="phone-hidden"><strong>Telefone:</strong>  </span></p>
<h2>Dr. Breno de Magalhães &#8211; Enfermeiro Rio De Janeiro</h2>
<p>Dr. Breno de Magalhães, Enfermeiro em Rio De Janeiro. Agende uma consulta com os melhores profissionais de saúde em Brasil. Auriculoterapia.</p>
<p><span class="maps-hidden"><a href="https://www.google.com/maps/search/?api=1&#038;query=Rua Tôrres Sobrinho, Meier, Rio de Janeiro - RJ - 20780-050" target="_blank" rel="noopener">COMO CHEGAR?</a></span></p>
<h3 class="flex-grow-1 mb-0">Experiência</h3>
<hr />
<ul></ul>
<hr />
<p><strong>Tópicos:</strong> Enfermeiro em Rio de Janeiro &#8211; RJ <span class="topic-hidden">|   Breno de Magalhães</span></p>

<!-- This site is optimized with the Yoast SEO Premium plugin v20.9 (Yoast SEO v27.4) - https://yoast.com/product/yoast-seo-premium-wordpress/ -->
<title>Dr. Breno de Magalhães - Enfermeiro Rio De Janeiro - RJ</title>
<meta name="description" content="Dr. Breno de Magalhães, Enfermeiro em Rio De Janeiro. Agende uma consulta com os melhores profissionais de saúde em Brasil. Auriculoterapia." />
<meta name="robots" content="index, follow, max-snippet:-1, max-image-preview:large, max-video-preview:-1" />
<link rel="canonical" href="https://www.somospopular.com.br/especialistas/dr-breno-de-magalhaes-enfermeiro-em-rio-de-janeiro-rj/" />
<meta property="og:locale" content="pt_BR" />
<meta property="og:type" content="article" />
<meta property="og:title" content="Dr. Breno de Magalhães - Enfermeiro Rio De Janeiro - RJ" />
<meta property="og:description" content="Dr. Breno de Magalhães - Enfermeiro Rio De Janeiro - RJ. Clínica Veterinária Popular com preços acessíveis. Especialistas" />
<meta property="og:url" content="https://www.somospopular.com.br/especialistas/dr-breno-de-magalhaes-enfermeiro-em-rio-de-janeiro-rj/" />
<meta property="og:site_name" content="Especialistas" />
<meta property="article:modified_time" content="2023-05-20T17:24:22+00:00" />
<meta name="twitter:card" content="summary_large_image" />
<meta name="twitter:title" content="Dr. Breno de Magalhães - Enfermeiro Rio De Janeiro - RJ" />
<meta name="twitter:label1" content="Est. tempo de leitura" />
	<meta name="twitter:data1" content="1 minuto" />
<script type="application/ld+json" class="yoast-schema-graph">{"@context":"https:\/\/schema.org","@graph":[{"@type":"WebPage","@id":"https:\/\/www.somospopular.com.br\/especialistas\/dr-breno-de-magalhaes-enfermeiro-em-rio-de-janeiro-rj\/","url":"https:\/\/www.somospopular.com.br\/especialistas\/dr-breno-de-magalhaes-enfermeiro-em-rio-de-janeiro-rj\/","name":"Dr. Breno de Magalhães - Enfermeiro Rio De Janeiro - RJ","isPartOf":{"@id":"https:\/\/www.somospopular.com.br\/especialistas\/#website"},"datePublished":"2020-03-25T09:20:12+00:00","dateModified":"2023-05-20T17:24:22+00:00","description":"Dr. Breno de Magalhães, Enfermeiro em Rio De Janeiro. Agende uma consulta com os melhores profissionais de saúde em Brasil. Auriculoterapia.","breadcrumb":{"@id":"https:\/\/www.somospopular.com.br\/especialistas\/dr-breno-de-magalhaes-enfermeiro-em-rio-de-janeiro-rj\/#breadcrumb"},"inLanguage":"pt-BR","potentialAction":[{"@type":"ReadAction","target":["https:\/\/www.somospopular.com.br\/especialistas\/dr-breno-de-magalhaes-enfermeiro-em-rio-de-janeiro-rj\/"]}]},{"@type":"BreadcrumbList","@id":"https:\/\/www.somospopular.com.br\/especialistas\/dr-breno-de-magalhaes-enfermeiro-em-rio-de-janeiro-rj\/#breadcrumb","itemListElement":[{"@type":"ListItem","position":1,"name":"Especialista","item":"https:\/\/www.somospopular.com.br\/especialistas\/"},{"@type":"ListItem","position":2,"name":"Parceiros","item":"https:\/\/www.somospopular.com.br\/especialistas\/negocio\/"},{"@type":"ListItem","position":3,"name":"Enfermeiro","item":"https:\/\/www.somospopular.com.br\/especialistas\/enfermeiro\/"},{"@type":"ListItem","position":4,"name":"Dr. Breno de Magalhães &#8211; Enfermeiro Rio De Janeiro &#8211; RJ"}]},{"@type":"WebSite","@id":"https:\/\/www.somospopular.com.br\/especialistas\/#website","url":"https:\/\/www.somospopular.com.br\/especialistas\/","name":"Especialistas","description":"Somos Popular","publisher":{"@id":"https:\/\/www.somospopular.com.br\/especialistas\/#organization"},"potentialAction":[{"@type":"SearchAction","target":{"@type":"EntryPoint","urlTemplate":"https:\/\/www.somospopular.com.br\/especialistas\/?s={search_term_string}"},"query-input":{"@type":"PropertyValueSpecification","valueRequired":true,"valueName":"search_term_string"}}],"inLanguage":"pt-BR"},{"@type":"Organization","@id":"https:\/\/www.somospopular.com.br\/especialistas\/#organization","name":"Médicos Especialistas - Somos Popular","alternateName":"Médicos Especialistas","url":"https:\/\/www.somospopular.com.br\/especialistas\/","logo":{"@type":"ImageObject","inLanguage":"pt-BR","@id":"https:\/\/www.somospopular.com.br\/especialistas\/#\/schema\/logo\/image\/","url":"https:\/\/www.somospopular.com.br\/especialistas\/wp-content\/uploads\/sites\/13\/2022\/05\/somos-popular-logo-80.webp","contentUrl":"https:\/\/www.somospopular.com.br\/especialistas\/wp-content\/uploads\/sites\/13\/2022\/05\/somos-popular-logo-80.webp","width":325,"height":80,"caption":"Médicos Especialistas - Somos Popular"},"image":{"@id":"https:\/\/www.somospopular.com.br\/especialistas\/#\/schema\/logo\/image\/"}}]}</script>
<!-- / Yoast SEO Premium plugin. -->

Dr. Breno de Magalhães - Enfermeiro Rio De Janeiro - RJ

Dr. Breno de Magalhães, Enfermeiro em Rio De Janeiro. Agende uma consulta com os melhores profissionais de saúde em Brasil. Auriculoterapia.

Dr. Breno de Magalhães - Enfermeiro Rio De Janeiro - RJ. Clínica Veterinária Popular com preços acessíveis. Especialistas

Médicos Especialistas - Somos Popular

Médicos Especialistas
